{"id":4721,"date":"2017-10-16T15:58:02","date_gmt":"2017-10-16T14:58:02","guid":{"rendered":"https:\/\/valenciasjb.salesianos.edu\/colegio\/?page_id=4721"},"modified":"2025-09-02T12:08:47","modified_gmt":"2025-09-02T11:08:47","slug":"ampas","status":"publish","type":"page","link":"https:\/\/valenciasjb.salesianos.edu\/colegio\/ampas\/","title":{"rendered":"AMPAS"},"content":{"rendered":"<div id=\"fb-root\"><\/div>\n<p>[et_pb_section fb_built=\u00bb1&#8243; fullwidth=\u00bbon\u00bb _builder_version=\u00bb4.16&#8243; global_colors_info=\u00bb{}\u00bb][et_pb_fullwidth_header title=\u00bbA M P A S\u00bb title_font_color=\u00bb#ffffff\u00bb module_class=\u00bbpagina-imagen-cabecera\u00bb _builder_version=\u00bb4.16&#8243; title_text_color=\u00bb#ffffff\u00bb title_font_size=\u00bb40px\u00bb background_color=\u00bbrgba(255, 255, 255, 0)\u00bb background_image=\u00bbhttps:\/\/valenciasjb.salesianos.edu\/colegio\/wp-content\/uploads\/sites\/2\/2017\/10\/Imagen-banner-rojo.jpg\u00bb background_layout=\u00bblight\u00bb max_width_tablet=\u00bb50px\u00bb background_url=\u00bbhttps:\/\/alicante.salesianos.edu\/colegio\/wp-content\/uploads\/sites\/2\/2017\/04\/Captura-de-pantalla-2017-04-13-a-las-16.32.19.png\u00bb global_colors_info=\u00bb{}\u00bb button_one_text_size__hover_enabled=\u00bboff\u00bb button_two_text_size__hover_enabled=\u00bboff\u00bb button_one_text_color__hover_enabled=\u00bboff\u00bb button_two_text_color__hover_enabled=\u00bboff\u00bb button_one_border_width__hover_enabled=\u00bboff\u00bb button_two_border_width__hover_enabled=\u00bboff\u00bb button_one_border_color__hover_enabled=\u00bboff\u00bb button_two_border_color__hover_enabled=\u00bboff\u00bb button_one_border_radius__hover_enabled=\u00bboff\u00bb button_two_border_radius__hover_enabled=\u00bboff\u00bb button_one_letter_spacing__hover_enabled=\u00bboff\u00bb button_two_letter_spacing__hover_enabled=\u00bboff\u00bb button_one_bg_color__hover_enabled=\u00bboff\u00bb button_two_bg_color__hover_enabled=\u00bboff\u00bb][\/et_pb_fullwidth_header][\/et_pb_section][et_pb_section fb_built=\u00bb1&#8243; module_class=\u00bbpagina-seccion-contenido\u00bb _builder_version=\u00bb4.16&#8243; custom_padding=\u00bb0%|||\u00bb global_colors_info=\u00bb{}\u00bb][et_pb_row _builder_version=\u00bb4.16&#8243; custom_padding=\u00bb27px|0px|0px|0px\u00bb global_colors_info=\u00bb{}\u00bb][et_pb_column type=\u00bb4_4&#8243; _builder_version=\u00bb4.16&#8243; custom_padding=\u00bb|||\u00bb global_colors_info=\u00bb{}\u00bb custom_padding__hover=\u00bb|||\u00bb][et_pb_text _builder_version=\u00bb4.16&#8243; custom_margin=\u00bb10px|||\u00bb global_colors_info=\u00bb{}\u00bb]<\/p>\n<h1>Asociaci\u00f3n de Madres y Padres de Alumnos Salesianos<\/h1>\n<p>[\/et_pb_text][\/et_pb_column][\/et_pb_row][et_pb_row column_structure=\u00bb2_3,1_3&#8243; _builder_version=\u00bb4.16&#8243; custom_margin=\u00bb25px|||\u00bb custom_padding=\u00bb0px|||\u00bb global_colors_info=\u00bb{}\u00bb][et_pb_column type=\u00bb2_3&#8243; _builder_version=\u00bb4.16&#8243; custom_padding=\u00bb|||\u00bb global_colors_info=\u00bb{}\u00bb custom_padding__hover=\u00bb|||\u00bb][et_pb_testimonial author=\u00bbManuel Traver\u00bb job_title=\u00bbPresidente de AMPAS\u00bb portrait_url=\u00bbhttps:\/\/valenciasjb.salesianos.edu\/colegio\/wp-content\/uploads\/sites\/2\/2023\/05\/ManoloAvatar_400x400.jpg\u00bb admin_label=\u00bbRecomendaci\u00f3n\u00bb _builder_version=\u00bb4.27.4&#8243; background_size=\u00bbinitial\u00bb background_position=\u00bbtop_left\u00bb background_repeat=\u00bbrepeat\u00bb hover_enabled=\u00bb0&#8243; global_colors_info=\u00bb{}\u00bb sticky_enabled=\u00bb0&#8243;]<\/p>\n<p>\u00a1Hola!<\/p>\n<p>Soy Manolo Traver, soy un pap\u00e1 del cole y en los pr\u00f3ximos 3 cursos presidente de AMPAS, la Asociaci\u00f3n de Madres y Padres de nuestro colegio, que cuenta aproximadamente con unas 500 familias socias.<\/p>\n<p>La junta directiva de AMPAS est\u00e1 formada por un total de 15 pap\u00e1s y mam\u00e1s de alumnos que cursan todas las etapas; algunos somos antiguos alumnos, algunos casados con antiguos alumnos, algunos llegamos de otros sitios, y todos somos enamorados del estilo salesiano. Este estilo, entre otras muchas cosas maravillosas, nos invita a los padres a formar equipo con el colegio en la educaci\u00f3n de nuestros hijos. Somos comunidad educativa, nos lo creemos y \u2026 \u00a1aqu\u00ed estamos.!<\/p>\n<p>Os quiero comentar un poco <strong>que es lo que hace AMPAS<\/strong>.<\/p>\n<p><strong>AMPAS ayuda a las familias: <\/strong><\/p>\n<ul>\n<li>a veces no sabes a quien acudir con alguna duda o problema sobre el colegio, os podemos orientar con algunas cuestiones, tr\u00e1mites, alguna situaci\u00f3n especial, \u2026<\/li>\n<li>organizamos formaciones, charlas, escuela de padres, \u2026 sobre temas muy interesantes a la que est\u00e1is todos invitados<\/li>\n<li>colaboramos en las reformas del colegio y consiguiendo y reclamando mejoras en el entorno del colegio: se\u00f1ales, aceras, limpieza, \u2026<\/li>\n<\/ul>\n<p><strong>AMPAS ayuda a profesores\/colegio: <\/strong><\/p>\n<ul>\n<li>colaboramos con las actividades que nos proponen: concursos, cert\u00e1menes, MateBosco, \u201cBuenos D\u00edas\u201d, bocadillos, meriendas, visita reyes Magos, \u2026<\/li>\n<li>proponemos nuestros eventos propios: rehabilitaci\u00f3n del BoscoHuerto, Bosco Talent Show, la cena de AMPAS por M\u00aa Auxiliadora (con recaudaci\u00f3n integra dedicada a fines solidarios), \u2026<\/li>\n<li>hacemos donaciones para mejorar las condiciones y las dotaciones donde est\u00e1n nuestros chavales: materiales did\u00e1cticos, purificadores, filtros aire, reforma teatro, horas de biblioteca, equipos inform\u00e1ticos, \u2026<\/li>\n<\/ul>\n<p>Todas las actividades que AMPAS realiza para vuestros hijos, son <strong>para TODOS los alumnos<\/strong>, casi unos 1600 alumnos del colegio, sin hacer distinci\u00f3n si sus familias sean socias o no. Esto puede ser motivo de debate pero no en un entorno salesiano donde no queremos dejar a nadie atr\u00e1s.<\/p>\n<p>Pero para poder realizar todo lo descrito anteriormente y aquello que pueda surgir, <strong>AMPAS tambi\u00e9n necesita vuestra ayuda<\/strong><\/p>\n<p>La \u00fanica fuente econ\u00f3mica con la que cuenta AMPAS es lo que se obtiene gracias a las cuotas de sus socios. La cuota es por familia (36 euros al a\u00f1o en un pago el primer trimestre del curso). Agradeceros desde aqu\u00ed la colaboraci\u00f3n a los ya socios, y a los que a\u00fan no sois socios, plante\u00e1roslo\u2026 Todo lo ingresado se gasta en beneficio de vuestros hijos e hijas, y si se reduce el n\u00famero de socios, se reduce el presupuesto para realizar cualquier tipo de actividad de las que ellos disfrutan. Recordar el dicho valenciano: \u201cTota pedra, fa paret\u201d.\u00a0 \u00bfOs lo pens\u00e1is al menos?<\/p>\n<p>Os invitamos a participar d\u00e1ndonos ideas, propuestas, sugerencias, proponiendo mejoras, o cualquier cosa que nos quer\u00e1is contar, en nuestro correo <a href=\"mailto:ampasvsjb@salesianos.edu\">ampasvsjb@salesianos.edu<\/a> o dirigi\u00e9ndoos a cualquiera de nosotros. Estamos encantados de escucharos y estamos aqu\u00ed para ayudaros.<\/p>\n<p>\u00a1Muchas gracias!<\/p>\n<p><strong>\u00a1\u00a1\u00bfQue c\u00f3mo te apuntas?!!<br \/>Es muy f\u00e1cil: Descarga el impreso <a href=\"https:\/\/valenciasjb.salesianos.edu\/colegio\/wp-content\/uploads\/sites\/2\/2025\/09\/FICHA_INSCRIPCION_AMPAS_2025-26.pdf\" target=\"_blank\" rel=\"noopener\">AQU\u00cd<\/a>, lo rellenas y nos lo env\u00edas al correo <a href=\"mailto:ampasvsjb@salesianos.edu\">ampasvsjb@salesianos.edu<\/a><\/strong><\/p>\n<p>[\/et_pb_testimonial][\/et_pb_column][et_pb_column type=\u00bb1_3&#8243; _builder_version=\u00bb4.16&#8243; custom_padding=\u00bb|||\u00bb global_colors_info=\u00bb{}\u00bb custom_padding__hover=\u00bb|||\u00bb][et_pb_code admin_label=\u00bbC\u00f3digo\u00bb _builder_version=\u00bb4.26.1&#8243; global_colors_info=\u00bb{}\u00bb][\/et_pb_code][et_pb_image src=\u00bbhttps:\/\/valenciasjb.salesianos.edu\/colegio\/wp-content\/uploads\/sites\/2\/2024\/08\/foto_AMPAS_23-24-scaled.jpg\u00bb title_text=\u00bbfoto_AMPAS_23-24&#8243; show_in_lightbox=\u00bbon\u00bb admin_label=\u00bbImagen\u00bb _builder_version=\u00bb4.26.1&#8243; _module_preset=\u00bbdefault\u00bb global_colors_info=\u00bb{}\u00bb][\/et_pb_image][et_pb_blurb title=\u00bbINSCRIPCI\u00d3N\u00bb admin_label=\u00bbAnuncio\u00bb _builder_version=\u00bb4.27.4&#8243; global_colors_info=\u00bb{}\u00bb]<\/p>\n<p><a href=\"https:\/\/valenciasjb.salesianos.edu\/colegio\/wp-content\/uploads\/sites\/2\/2025\/09\/FICHA_INSCRIPCION_AMPAS_2025-26.pdf\" target=\"_blank\" rel=\"attachment noopener wp-att-11756\">FICHA INSCRIPCION AMPAS 2025-26<\/a><\/p>\n<p>[\/et_pb_blurb][et_pb_blurb title=\u00bbContacto\u00bb admin_label=\u00bbAnuncio\u00bb _builder_version=\u00bb4.22.2&#8243; global_colors_info=\u00bb{}\u00bb]<\/p>\n<p><a href=\"mailto:ampasvsjb@salesianos.edu\">ampasvsjb@salesianos.edu<\/a><\/p>\n<p>[\/et_pb_blurb][et_pb_image src=\u00bbhttps:\/\/valenciasjb.salesianos.edu\/colegio\/wp-content\/uploads\/sites\/2\/2025\/04\/logoAMPAS_2025_XL.jpg\u00bb title_text=\u00bblogoAMPAS_2025_XL\u00bb show_in_lightbox=\u00bbon\u00bb admin_label=\u00bbImagen\u00bb _builder_version=\u00bb4.27.4&#8243; _module_preset=\u00bbdefault\u00bb global_colors_info=\u00bb{}\u00bb][\/et_pb_image][\/et_pb_column][\/et_pb_row][et_pb_row _builder_version=\u00bb4.16&#8243; custom_padding=\u00bb4px|0px|0px|0px\u00bb global_colors_info=\u00bb{}\u00bb][et_pb_column type=\u00bb4_4&#8243; _builder_version=\u00bb4.16&#8243; custom_padding=\u00bb|||\u00bb global_colors_info=\u00bb{}\u00bb custom_padding__hover=\u00bb|||\u00bb][et_pb_text _builder_version=\u00bb4.16&#8243; custom_margin=\u00bb|||\u00bb global_colors_info=\u00bb{}\u00bb]<\/p>\n<h2>Conecta con nosotros<\/h2>\n<p>[\/et_pb_text][et_pb_text _builder_version=\u00bb4.22.2&#8243; global_colors_info=\u00bb{}\u00bb]<\/p>\n<blockquote>\n<p><span style=\"font-size: 10.5pt;font-family: 'Helvetica','sans-serif';color: #1d2129;background: white\">Si quieres conocer la actividad de AMPAS busca <a href=\"https:\/\/www.facebook.com\/hashtag\/ampassjb\" target=\"_blank\" rel=\"noopener\">#ampassjb<\/a> en Facebook e Instagram. Programamos y participamos en muchas actividades para alumnos y familias.<br \/>Matebosco, xocolat\u00e1, conferencias, charlas para alumnos y padres, concurso de postales, certamen literario, buenos d\u00edas, senderismo en familia, y un largo etc. Estaros atentos a los tablones de anuncios y a la p\u00e1gina de Facebook e Instagram del Colegio y os iremos informando. Colabora y participa con AMPAS para ser y hacer m\u00e1s.<\/span><\/p>\n<\/blockquote>\n<p>[\/et_pb_text][\/et_pb_column][\/et_pb_row][et_pb_row column_structure=\u00bb2_3,1_3&#8243; _builder_version=\u00bb4.16&#8243; background_size=\u00bbinitial\u00bb background_position=\u00bbtop_left\u00bb background_repeat=\u00bbrepeat\u00bb custom_padding=\u00bb0px|0px|27px|0px\u00bb global_colors_info=\u00bb{}\u00bb][et_pb_column type=\u00bb2_3&#8243; _builder_version=\u00bb4.16&#8243; custom_padding=\u00bb|||\u00bb global_colors_info=\u00bb{}\u00bb custom_padding__hover=\u00bb|||\u00bb][et_pb_text _builder_version=\u00bb4.16&#8243; text_font=\u00bb||||\u00bb text_font_size=\u00bb21px\u00bb header_font=\u00bb||||\u00bb header_font_size=\u00bb44px\u00bb background_color=\u00bb#e02b20&#8243; background_layout=\u00bbdark\u00bb custom_margin=\u00bb25px|||\u00bb custom_padding=\u00bb20px||10px|\u00bb global_colors_info=\u00bb{}\u00bb]<\/p>\n<h2>\u00a0\u00a0 ACTIVIDADES<\/h2>\n<p>[\/et_pb_text][et_pb_blog posts_number=\u00bb5&#8243; include_categories=\u00bb30&#8243; show_thumbnail=\u00bboff\u00bb show_content=\u00bbon\u00bb show_author=\u00bboff\u00bb show_categories=\u00bboff\u00bb show_comments=\u00bbon\u00bb show_pagination=\u00bboff\u00bb admin_label=\u00bbBlog actividades ampas\u00bb _builder_version=\u00bb4.16&#8243; header_font=\u00bb|600||||on|||\u00bb header_font_size=\u00bb24&#8243; body_line_height=\u00bb1.6em\u00bb background_color=\u00bbrgba(224,224,224,0.63)\u00bb text_orientation=\u00bbleft\u00bb custom_margin=\u00bb|||\u00bb custom_padding=\u00bb10px|10px|10px|10px\u00bb animation_style=\u00bbfade\u00bb pagination_font_size_tablet=\u00bb51&#8243; pagination_line_height_tablet=\u00bb2&#8243; header_text_shadow_style=\u00bbpreset1&#8243; border_width_top_fullwidth=\u00bb1px\u00bb border_color_top_fullwidth=\u00bb#540b26&#8243; use_dropshadow=\u00bboff\u00bb global_colors_info=\u00bb{}\u00bb][\/et_pb_blog][\/et_pb_column][et_pb_column type=\u00bb1_3&#8243; _builder_version=\u00bb4.16&#8243; custom_padding=\u00bb|||\u00bb global_colors_info=\u00bb{}\u00bb custom_padding__hover=\u00bb|||\u00bb][et_pb_text _builder_version=\u00bb4.16&#8243; text_font=\u00bb||||\u00bb text_font_size=\u00bb21px\u00bb header_font=\u00bb||||\u00bb header_font_size=\u00bb44px\u00bb background_color=\u00bb#e02b20&#8243; background_layout=\u00bbdark\u00bb custom_margin=\u00bb25px|||\u00bb custom_padding=\u00bb20px||10px|\u00bb global_colors_info=\u00bb{}\u00bb]<\/p>\n<h2>\u00a0\u00a0 NOTICIAS #ampassjb<\/h2>\n<p>[\/et_pb_text][et_pb_blog posts_number=\u00bb3&#8243; include_categories=\u00bb9,32&#8243; show_more=\u00bbon\u00bb admin_label=\u00bbBlog noticias ampas\u00bb _builder_version=\u00bb4.16&#8243; pagination_font_size_tablet=\u00bb51&#8243; pagination_line_height_tablet=\u00bb2&#8243; use_dropshadow=\u00bboff\u00bb global_colors_info=\u00bb{}\u00bb][\/et_pb_blog][\/et_pb_column][\/et_pb_row][et_pb_row disabled_on=\u00bbon|on|on\u00bb admin_label=\u00bbPREGUNTAS FRECUNTES\u00bb _builder_version=\u00bb4.16&#8243; custom_margin=\u00bb0px|||\u00bb custom_padding=\u00bb0px|0px|23.96875px|0px\u00bb disabled=\u00bbon\u00bb global_colors_info=\u00bb{}\u00bb][et_pb_column type=\u00bb4_4&#8243; _builder_version=\u00bb4.16&#8243; custom_padding=\u00bb|||\u00bb global_colors_info=\u00bb{}\u00bb custom_padding__hover=\u00bb|||\u00bb][et_pb_text _builder_version=\u00bb4.16&#8243; text_font=\u00bb||||\u00bb text_font_size=\u00bb21px\u00bb header_font=\u00bb||||\u00bb header_font_size=\u00bb44px\u00bb background_color=\u00bb#e02b20&#8243; background_layout=\u00bbdark\u00bb custom_margin=\u00bb25px|||\u00bb custom_padding=\u00bb20px||10px|\u00bb global_colors_info=\u00bb{}\u00bb]<\/p>\n<h2>\u00a0 \u00a0 PREGUNTAS FRECUENTES<\/h2>\n<p>[\/et_pb_text][et_pb_accordion _builder_version=\u00bb4.16&#8243; toggle_text_color=\u00bb#dc001b\u00bb toggle_font_size=\u00bb17px\u00bb border_width_all=\u00bb0px\u00bb border_color_all=\u00bb#e5e5e5&#8243; border_style_all=\u00bbsolid\u00bb use_border_color=\u00bbon\u00bb border_color=\u00bb#e5e5e5&#8243; border_width=\u00bb0px\u00bb global_colors_info=\u00bb{}\u00bb][et_pb_accordion_item title=\u00bb\u00bfCuando puedo ir a hablar con vosotros?\u00bb open=\u00bbon\u00bb _builder_version=\u00bb4.16&#8243; text_orientation=\u00bbleft\u00bb module_alignment=\u00bbleft\u00bb global_colors_info=\u00bb{}\u00bb][\/et_pb_accordion_item][et_pb_accordion_item title=\u00bbSoy nuevo, \u00bfpor d\u00f3nde empiezo?\u00bb _builder_version=\u00bb4.16&#8243; text_orientation=\u00bbleft\u00bb module_alignment=\u00bbleft\u00bb global_colors_info=\u00bb{}\u00bb open=\u00bboff\u00bb][\/et_pb_accordion_item][\/et_pb_accordion][\/et_pb_column][\/et_pb_row][\/et_pb_section]<\/p>\n<!-- AddThis Advanced Settings generic via filter on the_content --><!-- AddThis Share Buttons generic via filter on the_content -->","protected":false},"excerpt":{"rendered":"<p>Asociaci\u00f3n de Madres y Padres de Alumnos Salesianos \u00a1Hola! Soy Manolo Traver, soy un pap\u00e1 del cole y en los pr\u00f3ximos 3 cursos presidente de AMPAS, la Asociaci\u00f3n de Madres y Padres de nuestro colegio, que cuenta aproximadamente con unas 500 familias socias. La junta directiva de AMPAS est\u00e1 formada por un total de 15 [&hellip;]<\/p>\n<p><!-- AddThis Advanced Settings generic via filter on get_the_excerpt --><!-- AddThis Share Buttons generic via filter on get_the_excerpt --><\/p>\n","protected":false},"author":2,"featured_media":0,"parent":0,"menu_order":0,"comment_status":"closed","ping_status":"closed","template":"","meta":{"_et_pb_use_builder":"on","_et_pb_old_content":"","_et_gb_content_width":"","footnotes":""},"class_list":["post-4721","page","type-page","status-publish","hentry"],"yoast_head":"<!-- This site is optimized with the Yoast SEO plugin v27.3 - https:\/\/yoast.com\/product\/yoast-seo-wordpress\/ -->\n<title>AMPAS - Colegio San Juan Bosco Valencia<\/title>\n<meta name=\"robots\" content=\"index, follow, max-snippet:-1, max-image-preview:large, max-video-preview:-1\" \/>\n<link rel=\"canonical\" href=\"https:\/\/valenciasjb.salesianos.edu\/colegio\/ampas\/\" \/>\n<meta property=\"og:locale\" content=\"es_ES\" \/>\n<meta property=\"og:type\" content=\"article\" \/>\n<meta property=\"og:title\" content=\"AMPAS - Colegio San Juan Bosco Valencia\" \/>\n<meta property=\"og:description\" content=\"Asociaci\u00f3n de Madres y Padres de Alumnos Salesianos \u00a1Hola! Soy Manolo Traver, soy un pap\u00e1 del cole y en los pr\u00f3ximos 3 cursos presidente de AMPAS, la Asociaci\u00f3n de Madres y Padres de nuestro colegio, que cuenta aproximadamente con unas 500 familias socias. La junta directiva de AMPAS est\u00e1 formada por un total de 15 [&hellip;]\" \/>\n<meta property=\"og:url\" content=\"https:\/\/valenciasjb.salesianos.edu\/colegio\/ampas\/\" \/>\n<meta property=\"og:site_name\" content=\"Colegio San Juan Bosco Valencia\" \/>\n<meta property=\"article:publisher\" content=\"https:\/\/www.facebook.com\/ColegioSalesianoSanJuanBoscoValencia\" \/>\n<meta property=\"article:modified_time\" content=\"2025-09-02T11:08:47+00:00\" \/>\n<meta name=\"twitter:card\" content=\"summary_large_image\" \/>\n<meta name=\"twitter:site\" content=\"@SalesianosVSJB\" \/>\n<meta name=\"twitter:label1\" content=\"Tiempo de lectura\" \/>\n\t<meta name=\"twitter:data1\" content=\"14 minutos\" \/>\n<script type=\"application\/ld+json\" class=\"yoast-schema-graph\">{\"@context\":\"https:\\\/\\\/schema.org\",\"@graph\":[{\"@type\":\"WebPage\",\"@id\":\"https:\\\/\\\/valenciasjb.salesianos.edu\\\/colegio\\\/ampas\\\/\",\"url\":\"https:\\\/\\\/valenciasjb.salesianos.edu\\\/colegio\\\/ampas\\\/\",\"name\":\"AMPAS - Colegio San Juan Bosco Valencia\",\"isPartOf\":{\"@id\":\"https:\\\/\\\/valenciasjb.salesianos.edu\\\/colegio\\\/#website\"},\"datePublished\":\"2017-10-16T14:58:02+00:00\",\"dateModified\":\"2025-09-02T11:08:47+00:00\",\"breadcrumb\":{\"@id\":\"https:\\\/\\\/valenciasjb.salesianos.edu\\\/colegio\\\/ampas\\\/#breadcrumb\"},\"inLanguage\":\"es\",\"potentialAction\":[{\"@type\":\"ReadAction\",\"target\":[\"https:\\\/\\\/valenciasjb.salesianos.edu\\\/colegio\\\/ampas\\\/\"]}]},{\"@type\":\"BreadcrumbList\",\"@id\":\"https:\\\/\\\/valenciasjb.salesianos.edu\\\/colegio\\\/ampas\\\/#breadcrumb\",\"itemListElement\":[{\"@type\":\"ListItem\",\"position\":1,\"name\":\"Portada\",\"item\":\"https:\\\/\\\/valenciasjb.salesianos.edu\\\/colegio\\\/\"},{\"@type\":\"ListItem\",\"position\":2,\"name\":\"AMPAS\"}]},{\"@type\":\"WebSite\",\"@id\":\"https:\\\/\\\/valenciasjb.salesianos.edu\\\/colegio\\\/#website\",\"url\":\"https:\\\/\\\/valenciasjb.salesianos.edu\\\/colegio\\\/\",\"name\":\"Colegio San Juan Bosco Valencia\",\"description\":\"P\u00e1gina oficial del Colegio Salesianos San Juan Bosco Valencia\",\"alternateName\":\"Salesianos.VSJB\",\"potentialAction\":[{\"@type\":\"SearchAction\",\"target\":{\"@type\":\"EntryPoint\",\"urlTemplate\":\"https:\\\/\\\/valenciasjb.salesianos.edu\\\/colegio\\\/?s={search_term_string}\"},\"query-input\":{\"@type\":\"PropertyValueSpecification\",\"valueRequired\":true,\"valueName\":\"search_term_string\"}}],\"inLanguage\":\"es\"}]}<\/script>\n<!-- \/ Yoast SEO plugin. -->","yoast_head_json":{"title":"AMPAS - Colegio San Juan Bosco Valencia","robots":{"index":"index","follow":"follow","max-snippet":"max-snippet:-1","max-image-preview":"max-image-preview:large","max-video-preview":"max-video-preview:-1"},"canonical":"https:\/\/valenciasjb.salesianos.edu\/colegio\/ampas\/","og_locale":"es_ES","og_type":"article","og_title":"AMPAS - Colegio San Juan Bosco Valencia","og_description":"Asociaci\u00f3n de Madres y Padres de Alumnos Salesianos \u00a1Hola! Soy Manolo Traver, soy un pap\u00e1 del cole y en los pr\u00f3ximos 3 cursos presidente de AMPAS, la Asociaci\u00f3n de Madres y Padres de nuestro colegio, que cuenta aproximadamente con unas 500 familias socias. La junta directiva de AMPAS est\u00e1 formada por un total de 15 [&hellip;]","og_url":"https:\/\/valenciasjb.salesianos.edu\/colegio\/ampas\/","og_site_name":"Colegio San Juan Bosco Valencia","article_publisher":"https:\/\/www.facebook.com\/ColegioSalesianoSanJuanBoscoValencia","article_modified_time":"2025-09-02T11:08:47+00:00","twitter_card":"summary_large_image","twitter_site":"@SalesianosVSJB","twitter_misc":{"Tiempo de lectura":"14 minutos"},"schema":{"@context":"https:\/\/schema.org","@graph":[{"@type":"WebPage","@id":"https:\/\/valenciasjb.salesianos.edu\/colegio\/ampas\/","url":"https:\/\/valenciasjb.salesianos.edu\/colegio\/ampas\/","name":"AMPAS - Colegio San Juan Bosco Valencia","isPartOf":{"@id":"https:\/\/valenciasjb.salesianos.edu\/colegio\/#website"},"datePublished":"2017-10-16T14:58:02+00:00","dateModified":"2025-09-02T11:08:47+00:00","breadcrumb":{"@id":"https:\/\/valenciasjb.salesianos.edu\/colegio\/ampas\/#breadcrumb"},"inLanguage":"es","potentialAction":[{"@type":"ReadAction","target":["https:\/\/valenciasjb.salesianos.edu\/colegio\/ampas\/"]}]},{"@type":"BreadcrumbList","@id":"https:\/\/valenciasjb.salesianos.edu\/colegio\/ampas\/#breadcrumb","itemListElement":[{"@type":"ListItem","position":1,"name":"Portada","item":"https:\/\/valenciasjb.salesianos.edu\/colegio\/"},{"@type":"ListItem","position":2,"name":"AMPAS"}]},{"@type":"WebSite","@id":"https:\/\/valenciasjb.salesianos.edu\/colegio\/#website","url":"https:\/\/valenciasjb.salesianos.edu\/colegio\/","name":"Colegio San Juan Bosco Valencia","description":"P\u00e1gina oficial del Colegio Salesianos San Juan Bosco Valencia","alternateName":"Salesianos.VSJB","potentialAction":[{"@type":"SearchAction","target":{"@type":"EntryPoint","urlTemplate":"https:\/\/valenciasjb.salesianos.edu\/colegio\/?s={search_term_string}"},"query-input":{"@type":"PropertyValueSpecification","valueRequired":true,"valueName":"search_term_string"}}],"inLanguage":"es"}]}},"_links":{"self":[{"href":"https:\/\/valenciasjb.salesianos.edu\/colegio\/wp-json\/wp\/v2\/pages\/4721","targetHints":{"allow":["GET"]}}],"collection":[{"href":"https:\/\/valenciasjb.salesianos.edu\/colegio\/wp-json\/wp\/v2\/pages"}],"about":[{"href":"https:\/\/valenciasjb.salesianos.edu\/colegio\/wp-json\/wp\/v2\/types\/page"}],"author":[{"embeddable":true,"href":"https:\/\/valenciasjb.salesianos.edu\/colegio\/wp-json\/wp\/v2\/users\/2"}],"replies":[{"embeddable":true,"href":"https:\/\/valenciasjb.salesianos.edu\/colegio\/wp-json\/wp\/v2\/comments?post=4721"}],"version-history":[{"count":90,"href":"https:\/\/valenciasjb.salesianos.edu\/colegio\/wp-json\/wp\/v2\/pages\/4721\/revisions"}],"predecessor-version":[{"id":23857,"href":"https:\/\/valenciasjb.salesianos.edu\/colegio\/wp-json\/wp\/v2\/pages\/4721\/revisions\/23857"}],"wp:attachment":[{"href":"https:\/\/valenciasjb.salesianos.edu\/colegio\/wp-json\/wp\/v2\/media?parent=4721"}],"curies":[{"name":"wp","href":"https:\/\/api.w.org\/{rel}","templated":true}]}}