{"id":5444,"date":"2017-10-28T21:56:39","date_gmt":"2017-10-28T20:56:39","guid":{"rendered":"https:\/\/valenciasjb.salesianos.edu\/colegio\/?page_id=5444"},"modified":"2024-04-04T21:16:38","modified_gmt":"2024-04-04T20:16:38","slug":"seguro-voluntario","status":"publish","type":"page","link":"https:\/\/valenciasjb.salesianos.edu\/colegio\/administracion\/seguro-escolar\/seguro-voluntario\/","title":{"rendered":"Seguro voluntario"},"content":{"rendered":"<div id=\"fb-root\"><\/div>\n<p>[et_pb_section fb_built=\u00bb1&#8243; fullwidth=\u00bbon\u00bb _builder_version=\u00bb4.16&#8243; global_colors_info=\u00bb{}\u00bb][et_pb_fullwidth_header title=\u00bbSeguro Voluntario\u00bb title_font_color=\u00bb#ffffff\u00bb module_class=\u00bbpagina-imagen-cabecera\u00bb _builder_version=\u00bb4.24.2&#8243; title_text_color=\u00bb#ffffff\u00bb title_font_size=\u00bb40px\u00bb background_color=\u00bb#7CDA24&#8243; background_image=\u00bbhttps:\/\/inspectoria.salesianos.edu\/wp-content\/uploads\/2017\/09\/ImagenPAGINA.jpg\u00bb background_layout=\u00bblight\u00bb max_width_tablet=\u00bb50px\u00bb hover_enabled=\u00bb0&#8243; background_url=\u00bbhttps:\/\/alicante.salesianos.edu\/colegio\/wp-content\/uploads\/sites\/2\/2017\/04\/Captura-de-pantalla-2017-04-13-a-las-16.57.17.png\u00bb global_colors_info=\u00bb{}\u00bb button_one_text_size__hover_enabled=\u00bboff\u00bb button_two_text_size__hover_enabled=\u00bboff\u00bb button_one_text_color__hover_enabled=\u00bboff\u00bb button_two_text_color__hover_enabled=\u00bboff\u00bb button_one_border_width__hover_enabled=\u00bboff\u00bb button_two_border_width__hover_enabled=\u00bboff\u00bb button_one_border_color__hover_enabled=\u00bboff\u00bb button_two_border_color__hover_enabled=\u00bboff\u00bb button_one_border_radius__hover_enabled=\u00bboff\u00bb button_two_border_radius__hover_enabled=\u00bboff\u00bb button_one_letter_spacing__hover_enabled=\u00bboff\u00bb button_two_letter_spacing__hover_enabled=\u00bboff\u00bb button_one_bg_color__hover_enabled=\u00bboff\u00bb button_two_bg_color__hover_enabled=\u00bboff\u00bb sticky_enabled=\u00bb0&#8243;][\/et_pb_fullwidth_header][\/et_pb_section][et_pb_section fb_built=\u00bb1&#8243; module_class=\u00bbpagina-seccion-contenido\u00bb _builder_version=\u00bb4.16&#8243; custom_padding=\u00bb0%|||\u00bb global_colors_info=\u00bb{}\u00bb][et_pb_row module_class=\u00bbpagina-texto\u00bb _builder_version=\u00bb4.16&#8243; background_size=\u00bbinitial\u00bb background_position=\u00bbtop_left\u00bb background_repeat=\u00bbrepeat\u00bb custom_margin=\u00bb25px|||\u00bb custom_padding=\u00bb30px|0px|0px|0px\u00bb global_colors_info=\u00bb{}\u00bb column_structure=\u00bb2_3,1_3&#8243;][et_pb_column type=\u00bb2_3&#8243; _builder_version=\u00bb4.16&#8243; custom_padding=\u00bb|||\u00bb global_colors_info=\u00bb{}\u00bb custom_padding__hover=\u00bb|||\u00bb][et_pb_text _builder_version=\u00bb4.16&#8243; global_colors_info=\u00bb{}\u00bb]<\/p>\n<h1>Seguro voluntario de accidentes de alumnos<\/h1>\n<p>[\/et_pb_text][et_pb_text _builder_version=\u00bb4.16&#8243; background_size=\u00bbinitial\u00bb background_position=\u00bbtop_left\u00bb background_repeat=\u00bbrepeat\u00bb global_colors_info=\u00bb{}\u00bb]<\/p>\n<h2 class=\"paginaTituloSeccion\" style=\"font-size: large;\">Tomador<\/h2>\n<p class=\"paginaCuerpoAzul paginaCuerpo paginaMarco\" style=\"text-align: left;\"><span style=\"text-align: justify;\">Inspector\u00eda Mar\u00eda Auxiliadora. (Colegio Salesianos San Juan Bosco &#8211; Valencia)<\/span><\/p>\n<h2 class=\"paginaTituloSeccion\"><strong style=\"font-size: large;\">Resumen de Garant\u00edas y L\u00edmites Asegurados<\/strong><\/h2>\n<p class=\" paginaCuerpo paginaSubtitulo paginaMarco\" style=\"color: #0000ff;\"><strong class=\"paginaCuerpoAzul\">RIESGO ASEGURADOS:\u00a0<\/strong><strong style=\"color: #323232; text-align: justify;\">\u00a0<\/strong><span style=\"color: #323232; text-align: justify;\">Estar\u00e1 asegurado todo alumno matriculado en el colegio\u00a0<\/span><strong style=\"color: #323232; text-align: justify;\">que haya abonado este seguro<\/strong><span style=\"color: #323232; text-align: justify;\">.<\/span><\/p>\n<p class=\" paginaCuerpo\">Atiende accidentes ocurridos durante las actividades escolares o en actividades organizadas por el colegio, tanto dentro del recinto escolar o como fuera de \u00e9l siempre que est\u00e9n tuteladas por el centro. <strong>Esta p\u00f3liza NO es de salud sino de ACCIDENTE.<\/strong><\/p>\n<p class=\" paginaCuerpo\">Hay que tener en cuenta la definici\u00f3n de ACCIDENTE.<\/p>\n<p class=\" paginaCuerpo\" style=\"padding-left: 30px;\"><em class=\"paginaCuerpoAzul\">Se entiende por accidente lo que recoge el art. 100 de la Ley de seguros.-\u00a0<\/em><em class=\"paginaCuerpoAzul\">\u201cla lesi\u00f3n corporal que deriva de una causa violenta s\u00fabita, externa y ajena a la intencionalidad del asegurado, que produzca invalidez temporal o permanente o muerte\u201d.<\/em><span>\u00a0<\/span><\/p>\n<p class=\" paginaCuerpo\">Esto implica que cualquier tratamiento no accidental no est\u00e1 cubierto por la p\u00f3liza. No se considera accidente, \u00a0entre otros: las enfermedades o procesos patol\u00f3gicos de toda clase que no sean consecuencia directa del accidente.<\/p>\n<p class=\" paginaCuerpo\">Por ejemplo, hernias, consecuencias de esfuerzos o distensiones musculares, lumbalgias, dolor cervical, desvanecimientos, s\u00edncopes, ataques de apoplej\u00eda o epilepsia, problemas psiqui\u00e1tricos, psicol\u00f3gicos, \u00a0entre otros\u2026.<\/p>\n<p>Trat\u00e1ndose de un seguro de accidentes, la cobertura por su garant\u00eda de asistencia sanitaria de urgencia requiere necesariamente que la misma sea<strong> consecuencia directa de un hecho accidental<\/strong> (ca\u00eddas, golpes,\u2026)<\/p>\n<p><strong class=\"paginaCuerpoAzul\">\u00a0<\/strong><\/p>\n<table border=\"2\">\n<tbody>\n<tr>\n<td class=\"paginaCuerpoAzul\" style=\"border: 1px solid #3d7fc2; width: 686.617px;\" valign=\"middle\">\u00a0 Invalidez Permanente<\/td>\n<td class=\"paginaCuerpoAzul\" style=\"border: 1px solid #3d7fc2; width: 295.85px;\" valign=\"middle\">12.000 euros<\/td>\n<\/tr>\n<tr>\n<td class=\"paginaCuerpoAzul\" style=\"border: 1px solid #3d7fc2; width: 686.617px;\" valign=\"middle\">\u00a0 Muerte<\/td>\n<td class=\"paginaCuerpoAzul\" style=\"border: 1px solid #3d7fc2; width: 295.85px;\" valign=\"middle\">6.000 euros (-14 a\u00f1os 3.000 para sepelio)<\/td>\n<\/tr>\n<tr>\n<td class=\"paginaCuerpoAzul\" style=\"border: 1px solid #3d7fc2; width: 988.467px;\" colspan=\"2\" valign=\"middle\">\u00a0 Asistencia sanitaria:<\/td>\n<td style=\"width: 3.86667px;\">\u00a0<\/td>\n<\/tr>\n<tr>\n<td class=\"paginaCuerpoAzul\" style=\"border: 1px solid #3d7fc2; width: 686.617px;\" valign=\"middle\">\n<ul>\n<li>En centro concertado (Cl\u00ednica Sorolla)<\/li>\n<\/ul>\n<\/td>\n<td class=\"paginaCuerpoAzul\" style=\"border: 1px solid #3d7fc2; width: 295.85px;\" valign=\"middle\">Ilimitada<\/td>\n<\/tr>\n<tr>\n<td class=\"paginaCuerpoAzul\" style=\"border: 1px solid #3d7fc2; width: 686.617px;\" valign=\"middle\">\n<ul>\n<li>En centro no concertado (necesaria autorizaci\u00f3n previa de la compa\u00f1\u00eda aseguradora)<\/li>\n<\/ul>\n<\/td>\n<td class=\"paginaCuerpoAzul\" style=\"border: 1px solid #3d7fc2; width: 295.85px;\" valign=\"middle\">Hasta 1.200 euros<\/td>\n<\/tr>\n<tr>\n<td class=\"paginaCuerpoAzul\" style=\"border: 1px solid #3d7fc2; width: 686.617px;\" valign=\"middle\">\n<p>\u00a0Accidente con rotura de gafas (consecuencia de un accidente del alumno con lesiones corporales)<\/p>\n<\/td>\n<td class=\"paginaCuerpoAzul\" style=\"border: 1px solid #3d7fc2; width: 295.85px;\" valign=\"middle\">Hasta 900 euros<\/td>\n<\/tr>\n<tr>\n<td class=\"paginaCuerpoAzul\" style=\"border: 1px solid #3d7fc2; width: 686.617px;\" valign=\"middle\">\u00a0Accidente con da\u00f1o dental<\/td>\n<td class=\"paginaCuerpoAzul\" style=\"border: 1px solid #3d7fc2; width: 295.85px;\" valign=\"middle\"><span> <\/span>Hasta 1.200 euros (l\u00edmite dos a\u00f1os)<\/td>\n<\/tr>\n<\/tbody>\n<\/table>\n<h4 class=\" paginaCuerpo paginaSubtitulo paginaMarco\"><strong class=\"paginaCuerpoAzul\">EXCLUSI\u00d3N:\u00a0<\/strong>\u00a0<span class=\"paginaCuerpoAzul\">Asistencia sanitaria en centros de la administraci\u00f3n p\u00fablica compentente en temas de sanidad (Servei Valenci\u00e0 de Salud) siempre y cuando el alumno sea beneficiario de dicha prestaci\u00f3n social.<\/span><\/h4>\n<p class=\" paginaCuerpo\">En el caso del colegio todos los alumnos son benificiarios de la sanidad p\u00fablica bien a trav\u00e9s de la cartilla de los padres en el caso de los menores de 14 a\u00f1os, o beneficiarios propios en caso de ser mayores de esta edad.<\/p>\n<h4 class=\" paginaCuerpo paginaSubtitulo paginaMarco\"><strong class=\"paginaCuerpoAzul\">EXCLUSI\u00d3N:\u00a0<\/strong>\u00a0<span class=\"paginaCuerpoAzul\">Los gastos por prestaciones m\u00e9dico-farmac\u00e9uticos y hospitalarios, originados en centros del SERVEI VALENCI\u00c0 DE SALUD o pertenecientes a la SEGURIDAD SOCIAL. Los centros de la SEGURIDAD SOCIAL, se reservan el derecho de reclamar al asegurado\/accidentado, el coste de la asistencia prestada, no haci\u00e9ndose cargo la ASEGURADORA en el supuesto de la reclamaci\u00f3n de la Seguridad Social.<\/span><\/h4>\n<p class=\" paginaCuerpo\">Por todo ello, estando suscrito al seguro escolar del Colegio con la atenci\u00f3n sanitaria prestada en centros concertados, en el supuesto que los padres o tutores del alumno, recurran a un centro hospitalario (privado o de la Seguridad Social) <strong>sin comunicaci\u00f3n previa al colegio<\/strong>, se puede entender a priori que renuncian a la prestaci\u00f3n que les da dicho seguro. Los temas de urgencia vital ser\u00e1n valorados por la aseguradora. Se entiende por asistencia sanitaria de urgencia la atenci\u00f3n sanitaria cuya demora de atenci\u00f3n pueda significar un peligro grave para la vida de la persona.<\/p>\n<h2 class=\"paginaTituloSeccion\" style=\"font-size: x-large;\">PROCEDIMIENTO<\/h2>\n<p class=\" paginaCuerpo paginaSubtitulo paginaMarco\" style=\"text-align: left;\"><span class=\"paginaCuerpoAzul\">ASISTENCIA SANITARIA DERIVADA DE ACCIDENTE<\/span><\/p>\n<ul>\n<li>Cuando un alumno sufra un ACCIDENTE en actividad colegial, \u00a0se dirigir\u00e1 al centro m\u00e9dico concertado con el <strong>parte de accidente cumplimentado por el colegio.<\/strong>\u00a0<\/li>\n<\/ul>\n<p style=\"text-align: center;\"><span style=\"font-size: x-small; color: #000050; background-color: #dae4eb; text-indent: 28px;\"><\/span><\/p>\n<ul>\n<li>En cuanto a las consultas posteriores, pruebas diagn\u00f3sticas, sesiones de rehabilitaci\u00f3n, es necesario solicitar <strong>AUTORIZACI\u00d3N<\/strong> siempre a la Compa\u00f1\u00eda. Para m\u00e1s informaci\u00f3n dir\u00edjanse a la administraci\u00f3n del colegio.<\/li>\n<\/ul>\n<p>Sin el parte de accidente, no se podr\u00e1 hacer uso de las coberturas asistenciales de este seguro.<\/p>\n<h3 class=\" paginaCuerpo paginaSubtitulo paginaMarco\" style=\"text-align: left;\"><span class=\"paginaCuerpoAzul\">\u00a0ACCIDENTE CON DA\u00d1O DENTAL QUE PRECISE INTERVENCI\u00d3N<\/span><\/h3>\n<p>Cuando un alumno sufra un ACCIDENTE con da\u00f1o dental en actividad colegial, se proceder\u00e1 de la siguiente manera:<\/p>\n<ul>\n<li>El colegio <strong>informa de forma inmediata a la familia<\/strong> y rellena el correspondiente parte de accidente.<\/li>\n<li>La familia acude al centro m\u00e9dico dental de su elecci\u00f3n. La prestaci\u00f3n del servicio de dentista, ha de realizarse con inmediatez, como m\u00e1ximo 72h.<\/li>\n<li>La familia presenta en la administraci\u00f3n del colegio:\n<ul>\n<li class=\"paginaCuerpoAzul\"><strong>Informe del m\u00e9dico dentista<\/strong> sobre el diagn\u00f3stico e intervenci\u00f3n.<\/li>\n<li class=\"paginaCuerpoAzul\"><strong>Factura original \u00a0completa<\/strong> (no se admitir\u00e1 presupuestos).<\/li>\n<\/ul>\n<\/li>\n<\/ul>\n<p>Si el tratamiento supone m\u00e1s visitas, se presentar\u00e1 la primera para abrir el expediente y se ir\u00e1n presentando las posteriores que est\u00e9n vinculadas al accidente y al informe del dentista.<\/p>\n<p>Posteriormente el colegio transferir\u00e1 a la familia del alumno accidentado la cuant\u00eda abonada por la compa\u00f1\u00eda de seguros.<\/p>\n<h3 class=\" paginaCuerpo paginaSubtitulo paginaMarco\" style=\"text-align: left;\"><span class=\"paginaCuerpoAzul\">\u00a0ACCIDENTE CON RESULTADO DE ROTURA DE GAFAS<\/span><\/h3>\n<p>La p\u00f3liza contratada contempla la rotura por IMPACTO DIRECTO derivado de accidente (art. 100 Ley de seguros), por ello la garant\u00eda complementaria de rotura de gafas no act\u00faa si la rotura no es consecuencia de un accidente del alumno con lesiones corporales.<\/p>\n<p>Por ejemplo, \u00a0 <strong>No se considera accidente:<\/strong> ca\u00eddas de las gafas al suelo fortuitas; \u00a0el hecho de que el alumno se deje las gafas en su silla o en la mochila y sin querer alguien se siente encima de ellas, \u00a0y las rompa; o el hecho de pisarlas fortuitamente, entre otros\u2026<\/p>\n<p>La cobertura de rotura de gafas contempla la rotura propiamente, no el rayado.<\/p>\n<p>Cuando un alumno sufra un <strong>ACCIDENTE en actividad colegial <\/strong>con da\u00f1o corporal y resultado de rotura de gafas, se proceder\u00e1 de la siguiente manera:<\/p>\n<ul>\n<li>El colegio informa a la familia y rellena el correspondiente parte de accidente donde se adjuntar\u00e1 fotograf\u00eda de las gafas rotas y se dar\u00e1 explicaci\u00f3n del accidente, indicando \u00a0cual es la parte que se ha roto ( varilla, cristal, montura, enteras&#8230;)<\/li>\n<li>La familia presenta en la administraci\u00f3n del colegio la siguiente documentaci\u00f3n:\n<ul>\n<li class=\"paginaCuerpoAzul\">Factura original de<strong>\u00a0REPOSICION<\/strong> <span>de las gafas<\/span> (no se admiten presupuestos)<\/li>\n<li class=\"paginaCuerpoAzul\">Factura original \u00a0de<strong> PREEXISTENCIA <\/strong>de las gafas rotas.<\/li>\n<\/ul>\n<\/li>\n<\/ul>\n<p>[\/et_pb_text][\/et_pb_column][et_pb_column type=\u00bb1_3&#8243; _builder_version=\u00bb4.16&#8243; custom_padding=\u00bb|||\u00bb global_colors_info=\u00bb{}\u00bb custom_padding__hover=\u00bb|||\u00bb][et_pb_gallery gallery_ids=\u00bb5442&#8243; show_title_and_caption=\u00bboff\u00bb show_pagination=\u00bboff\u00bb _builder_version=\u00bb4.16&#8243; border_width_all=\u00bb1px\u00bb border_color_all=\u00bb#e02b20&#8243; border_style_all=\u00bbsolid\u00bb use_border_color=\u00bbon\u00bb border_color=\u00bb#e02b20&#8243; global_colors_info=\u00bb{}\u00bb][\/et_pb_gallery][et_pb_text _builder_version=\u00bb4.16&#8243; global_colors_info=\u00bb{}\u00bb]<\/p>\n<p><em class=\"paginaCuerpoAzul\" style=\"font-size: 16px;\"><em class=\"paginaCuerpoAzul\">Nuestro centro concertado es la CLINICA SOROLLA<\/em><\/em><\/p>\n<p><span style=\"color: #ff0000; font-size: 16px;\"><em class=\"paginaCuerpoAzul\"><span style=\"background-color: #dae4eb; text-indent: 28px;\">Calle del M\u00fasico Gin\u00e9s, 8 \u00b7 46022 Valencia \u00b7 963 722 640<\/span><\/em><\/span><\/p>\n<p>[\/et_pb_text][\/et_pb_column][\/et_pb_row][\/et_pb_section]<\/p>\n<!-- AddThis Advanced Settings generic via filter on the_content --><!-- AddThis Share Buttons generic via filter on the_content -->","protected":false},"excerpt":{"rendered":"<p>Seguro voluntario de accidentes de alumnosTomador Inspector\u00eda Mar\u00eda Auxiliadora. (Colegio Salesianos San Juan Bosco &#8211; Valencia) Resumen de Garant\u00edas y L\u00edmites Asegurados RIESGO ASEGURADOS:\u00a0\u00a0Estar\u00e1 asegurado todo alumno matriculado en el colegio\u00a0que haya abonado este seguro. Atiende accidentes ocurridos durante las actividades escolares o en actividades organizadas por el colegio, tanto dentro del recinto escolar o [&hellip;]<\/p>\n<p><!-- AddThis Advanced Settings generic via filter on get_the_excerpt --><!-- AddThis Share Buttons generic via filter on get_the_excerpt --><\/p>\n","protected":false},"author":2,"featured_media":0,"parent":5440,"menu_order":0,"comment_status":"closed","ping_status":"closed","template":"","meta":{"_et_pb_use_builder":"on","_et_pb_old_content":"","_et_gb_content_width":"","footnotes":""},"class_list":["post-5444","page","type-page","status-publish","hentry"],"yoast_head":"<!-- This site is optimized with the Yoast SEO plugin v27.2 - https:\/\/yoast.com\/product\/yoast-seo-wordpress\/ -->\n<title>Seguro voluntario - Colegio San Juan Bosco Valencia<\/title>\n<meta name=\"robots\" content=\"index, follow, max-snippet:-1, max-image-preview:large, max-video-preview:-1\" \/>\n<link rel=\"canonical\" href=\"https:\/\/valenciasjb.salesianos.edu\/colegio\/administracion\/seguro-escolar\/seguro-voluntario\/\" \/>\n<meta property=\"og:locale\" content=\"es_ES\" \/>\n<meta property=\"og:type\" content=\"article\" \/>\n<meta property=\"og:title\" content=\"Seguro voluntario - Colegio San Juan Bosco Valencia\" \/>\n<meta property=\"og:description\" content=\"Seguro voluntario de accidentes de alumnosTomador Inspector\u00eda Mar\u00eda Auxiliadora. (Colegio Salesianos San Juan Bosco - Valencia) Resumen de Garant\u00edas y L\u00edmites Asegurados RIESGO ASEGURADOS:\u00a0\u00a0Estar\u00e1 asegurado todo alumno matriculado en el colegio\u00a0que haya abonado este seguro. Atiende accidentes ocurridos durante las actividades escolares o en actividades organizadas por el colegio, tanto dentro del recinto escolar o [&hellip;]\" \/>\n<meta property=\"og:url\" content=\"https:\/\/valenciasjb.salesianos.edu\/colegio\/administracion\/seguro-escolar\/seguro-voluntario\/\" \/>\n<meta property=\"og:site_name\" content=\"Colegio San Juan Bosco Valencia\" \/>\n<meta property=\"article:publisher\" content=\"https:\/\/www.facebook.com\/ColegioSalesianoSanJuanBoscoValencia\" \/>\n<meta property=\"article:modified_time\" content=\"2024-04-04T20:16:38+00:00\" \/>\n<meta name=\"twitter:card\" content=\"summary_large_image\" \/>\n<meta name=\"twitter:site\" content=\"@SalesianosVSJB\" \/>\n<meta name=\"twitter:label1\" content=\"Tiempo de lectura\" \/>\n\t<meta name=\"twitter:data1\" content=\"5 minutos\" \/>\n<script type=\"application\/ld+json\" class=\"yoast-schema-graph\">{\"@context\":\"https:\/\/schema.org\",\"@graph\":[{\"@type\":\"WebPage\",\"@id\":\"https:\/\/valenciasjb.salesianos.edu\/colegio\/administracion\/seguro-escolar\/seguro-voluntario\/\",\"url\":\"https:\/\/valenciasjb.salesianos.edu\/colegio\/administracion\/seguro-escolar\/seguro-voluntario\/\",\"name\":\"Seguro voluntario - Colegio San Juan Bosco Valencia\",\"isPartOf\":{\"@id\":\"https:\/\/valenciasjb.salesianos.edu\/colegio\/#website\"},\"datePublished\":\"2017-10-28T20:56:39+00:00\",\"dateModified\":\"2024-04-04T20:16:38+00:00\",\"breadcrumb\":{\"@id\":\"https:\/\/valenciasjb.salesianos.edu\/colegio\/administracion\/seguro-escolar\/seguro-voluntario\/#breadcrumb\"},\"inLanguage\":\"es\",\"potentialAction\":[{\"@type\":\"ReadAction\",\"target\":[\"https:\/\/valenciasjb.salesianos.edu\/colegio\/administracion\/seguro-escolar\/seguro-voluntario\/\"]}]},{\"@type\":\"BreadcrumbList\",\"@id\":\"https:\/\/valenciasjb.salesianos.edu\/colegio\/administracion\/seguro-escolar\/seguro-voluntario\/#breadcrumb\",\"itemListElement\":[{\"@type\":\"ListItem\",\"position\":1,\"name\":\"Portada\",\"item\":\"https:\/\/valenciasjb.salesianos.edu\/colegio\/\"},{\"@type\":\"ListItem\",\"position\":2,\"name\":\"Administraci\u00f3n\",\"item\":\"https:\/\/valenciasjb.salesianos.edu\/colegio\/administracion\/\"},{\"@type\":\"ListItem\",\"position\":3,\"name\":\"Seguro escolar\",\"item\":\"https:\/\/valenciasjb.salesianos.edu\/colegio\/administracion\/seguro-escolar\/\"},{\"@type\":\"ListItem\",\"position\":4,\"name\":\"Seguro voluntario\"}]},{\"@type\":\"WebSite\",\"@id\":\"https:\/\/valenciasjb.salesianos.edu\/colegio\/#website\",\"url\":\"https:\/\/valenciasjb.salesianos.edu\/colegio\/\",\"name\":\"Colegio San Juan Bosco Valencia\",\"description\":\"P\u00e1gina oficial del Colegio Salesianos San Juan Bosco Valencia\",\"alternateName\":\"Salesianos.VSJB\",\"potentialAction\":[{\"@type\":\"SearchAction\",\"target\":{\"@type\":\"EntryPoint\",\"urlTemplate\":\"https:\/\/valenciasjb.salesianos.edu\/colegio\/?s={search_term_string}\"},\"query-input\":{\"@type\":\"PropertyValueSpecification\",\"valueRequired\":true,\"valueName\":\"search_term_string\"}}],\"inLanguage\":\"es\"}]}<\/script>\n<!-- \/ Yoast SEO plugin. -->","yoast_head_json":{"title":"Seguro voluntario - Colegio San Juan Bosco Valencia","robots":{"index":"index","follow":"follow","max-snippet":"max-snippet:-1","max-image-preview":"max-image-preview:large","max-video-preview":"max-video-preview:-1"},"canonical":"https:\/\/valenciasjb.salesianos.edu\/colegio\/administracion\/seguro-escolar\/seguro-voluntario\/","og_locale":"es_ES","og_type":"article","og_title":"Seguro voluntario - Colegio San Juan Bosco Valencia","og_description":"Seguro voluntario de accidentes de alumnosTomador Inspector\u00eda Mar\u00eda Auxiliadora. (Colegio Salesianos San Juan Bosco - Valencia) Resumen de Garant\u00edas y L\u00edmites Asegurados RIESGO ASEGURADOS:\u00a0\u00a0Estar\u00e1 asegurado todo alumno matriculado en el colegio\u00a0que haya abonado este seguro. Atiende accidentes ocurridos durante las actividades escolares o en actividades organizadas por el colegio, tanto dentro del recinto escolar o [&hellip;]","og_url":"https:\/\/valenciasjb.salesianos.edu\/colegio\/administracion\/seguro-escolar\/seguro-voluntario\/","og_site_name":"Colegio San Juan Bosco Valencia","article_publisher":"https:\/\/www.facebook.com\/ColegioSalesianoSanJuanBoscoValencia","article_modified_time":"2024-04-04T20:16:38+00:00","twitter_card":"summary_large_image","twitter_site":"@SalesianosVSJB","twitter_misc":{"Tiempo de lectura":"5 minutos"},"schema":{"@context":"https:\/\/schema.org","@graph":[{"@type":"WebPage","@id":"https:\/\/valenciasjb.salesianos.edu\/colegio\/administracion\/seguro-escolar\/seguro-voluntario\/","url":"https:\/\/valenciasjb.salesianos.edu\/colegio\/administracion\/seguro-escolar\/seguro-voluntario\/","name":"Seguro voluntario - Colegio San Juan Bosco Valencia","isPartOf":{"@id":"https:\/\/valenciasjb.salesianos.edu\/colegio\/#website"},"datePublished":"2017-10-28T20:56:39+00:00","dateModified":"2024-04-04T20:16:38+00:00","breadcrumb":{"@id":"https:\/\/valenciasjb.salesianos.edu\/colegio\/administracion\/seguro-escolar\/seguro-voluntario\/#breadcrumb"},"inLanguage":"es","potentialAction":[{"@type":"ReadAction","target":["https:\/\/valenciasjb.salesianos.edu\/colegio\/administracion\/seguro-escolar\/seguro-voluntario\/"]}]},{"@type":"BreadcrumbList","@id":"https:\/\/valenciasjb.salesianos.edu\/colegio\/administracion\/seguro-escolar\/seguro-voluntario\/#breadcrumb","itemListElement":[{"@type":"ListItem","position":1,"name":"Portada","item":"https:\/\/valenciasjb.salesianos.edu\/colegio\/"},{"@type":"ListItem","position":2,"name":"Administraci\u00f3n","item":"https:\/\/valenciasjb.salesianos.edu\/colegio\/administracion\/"},{"@type":"ListItem","position":3,"name":"Seguro escolar","item":"https:\/\/valenciasjb.salesianos.edu\/colegio\/administracion\/seguro-escolar\/"},{"@type":"ListItem","position":4,"name":"Seguro voluntario"}]},{"@type":"WebSite","@id":"https:\/\/valenciasjb.salesianos.edu\/colegio\/#website","url":"https:\/\/valenciasjb.salesianos.edu\/colegio\/","name":"Colegio San Juan Bosco Valencia","description":"P\u00e1gina oficial del Colegio Salesianos San Juan Bosco Valencia","alternateName":"Salesianos.VSJB","potentialAction":[{"@type":"SearchAction","target":{"@type":"EntryPoint","urlTemplate":"https:\/\/valenciasjb.salesianos.edu\/colegio\/?s={search_term_string}"},"query-input":{"@type":"PropertyValueSpecification","valueRequired":true,"valueName":"search_term_string"}}],"inLanguage":"es"}]}},"_links":{"self":[{"href":"https:\/\/valenciasjb.salesianos.edu\/colegio\/wp-json\/wp\/v2\/pages\/5444","targetHints":{"allow":["GET"]}}],"collection":[{"href":"https:\/\/valenciasjb.salesianos.edu\/colegio\/wp-json\/wp\/v2\/pages"}],"about":[{"href":"https:\/\/valenciasjb.salesianos.edu\/colegio\/wp-json\/wp\/v2\/types\/page"}],"author":[{"embeddable":true,"href":"https:\/\/valenciasjb.salesianos.edu\/colegio\/wp-json\/wp\/v2\/users\/2"}],"replies":[{"embeddable":true,"href":"https:\/\/valenciasjb.salesianos.edu\/colegio\/wp-json\/wp\/v2\/comments?post=5444"}],"version-history":[{"count":3,"href":"https:\/\/valenciasjb.salesianos.edu\/colegio\/wp-json\/wp\/v2\/pages\/5444\/revisions"}],"predecessor-version":[{"id":20564,"href":"https:\/\/valenciasjb.salesianos.edu\/colegio\/wp-json\/wp\/v2\/pages\/5444\/revisions\/20564"}],"up":[{"embeddable":true,"href":"https:\/\/valenciasjb.salesianos.edu\/colegio\/wp-json\/wp\/v2\/pages\/5440"}],"wp:attachment":[{"href":"https:\/\/valenciasjb.salesianos.edu\/colegio\/wp-json\/wp\/v2\/media?parent=5444"}],"curies":[{"name":"wp","href":"https:\/\/api.w.org\/{rel}","templated":true}]}}