{"id":5700,"date":"2017-10-31T17:08:30","date_gmt":"2017-10-31T16:08:30","guid":{"rendered":"https:\/\/valenciasjb.salesianos.edu\/colegio\/privacidad\/"},"modified":"2024-12-03T11:55:53","modified_gmt":"2024-12-03T10:55:53","slug":"privacidad","status":"publish","type":"page","link":"https:\/\/valenciasjb.salesianos.edu\/colegio\/privacidad\/","title":{"rendered":"Privacidad"},"content":{"rendered":"<div id=\"fb-root\"><\/div>\n<p>[et_pb_section fb_built=\u00bb1&#8243; admin_label=\u00bbsection\u00bb _builder_version=\u00bb4.16&#8243; global_colors_info=\u00bb{}\u00bb][et_pb_row admin_label=\u00bbrow\u00bb _builder_version=\u00bb4.16&#8243; background_size=\u00bbinitial\u00bb background_position=\u00bbtop_left\u00bb background_repeat=\u00bbrepeat\u00bb global_colors_info=\u00bb{}\u00bb][et_pb_column type=\u00bb4_4&#8243; _builder_version=\u00bb4.16&#8243; custom_padding=\u00bb|||\u00bb global_colors_info=\u00bb{}\u00bb custom_padding__hover=\u00bb|||\u00bb][et_pb_text admin_label=\u00bbTitulo (texto)\u00bb _builder_version=\u00bb4.16&#8243; text_font=\u00bb|on|||\u00bb text_text_color=\u00bb#dc001b\u00bb text_font_size=\u00bb18&#8243; global_colors_info=\u00bb{}\u00bb]<\/p>\n<h1>Pol\u00edtica de privacidad<\/h1>\n<p>[\/et_pb_text][et_pb_text _builder_version=\u00bb4.27.4&#8243; background_size=\u00bbinitial\u00bb background_position=\u00bbtop_left\u00bb background_repeat=\u00bbrepeat\u00bb text_orientation=\u00bbjustified\u00bb global_colors_info=\u00bb{}\u00bb]<\/p>\n<p>La presente Web, a efectos de dar cumplimiento al art\u00edculo 10 de la Ley de Servicio Sociales de la Informaci\u00f3n y el Comercio Electr\u00f3nico, es propiedad De Colegio SalesianoS San JUan Bosco , con CIF R4600498B y domicilio social en Avda. de La Plata, 10, 46013 Valencia, cuyo tel\u00e9fono de contacto es el 963\u00a0 343 703 y el correo de contacto salesianos.valencia.sjb@salesianos.edu<\/p>\n<p>En la p\u00e1gina principal, a trav\u00e9s del men\u00fa principal, puedes conocer m\u00e1s sobre nosotros y nuestras actividades.<\/p>\n<p>Cuando accede a la p\u00e1gina web accede con las condiciones que se han manifestado en este aviso y en la pol\u00edtica de privacidad. La web puede estar sujeta a cambios, por lo que estas pol\u00edticas pueden cambiar o ser versiones modificadas sin previo aviso, al objeto de mantener actualizada su informaci\u00f3n, a\u00f1adiendo, modificando, corrigiendo o eliminando\u00a0los contenidos publicados o el dise\u00f1o del sitio web, de ah\u00ed que sea necesario que lea su contenido al acceder.<\/p>\n<p>La informaci\u00f3n personal que en la web se recoge ser\u00e1 gestionada seg\u00fan se explica en la <strong>pol\u00edtica de privacidad<\/strong> y aplicando las medidas de seguridad obligatorias que impidan su acceso, uso indebido, manipulaci\u00f3n o p\u00e9rdida de datos.<\/p>\n<p>El colegio se reserva el derecho a denegar el acceso a servicios ofrecidos en el portal cuando el usuario no acepte o incumpla las condiciones de uso descritas en sus pol\u00edticas. Tambi\u00e9n podr\u00e1 ejercer todas las acciones civiles y penales que pudieran corresponder en derecho por el incumplimiento o el uso indebido del portal por parte de tercero. El colegio se reserva en cualquier momento el derecho a modificar las condiciones aqu\u00ed determinadas por otras que s\u00f3lo ser\u00e1n vigentes cuando est\u00e9 debidamente publicada.<\/p>\n<p>No nos hacemos responsable de la legalidad y contenidos de otros sitios web de terceros vinculados o enlazados en nuestra web. Desde esta web podr\u00e1n realizarse enlaces a otras p\u00e1ginas no gestionadas por el prestador de servicios de programaci\u00f3n, creaci\u00f3n y dise\u00f1o web, declin\u00e1ndose por lo tanto cualquier responsabilidad en el acceso a esas p\u00e1ginas de terceros.<\/p>\n<p>No somos pues responsable de la ausencia de informaci\u00f3n de la cesi\u00f3n a \u00e9ste portal o de incumplimientos iniciales de los responsables del tratamiento de datos en origen. Tampoco somos responsables del uso incorrecto, inapropiado o il\u00edcito que terceros pudieran dar a la informaci\u00f3n gr\u00e1fica y audiovisual contenida en la web.<\/p>\n<p>Los logotipos, marcas, o signos que identifican al colegio no suponen que sean de libre disposici\u00f3n por el mero hecho de acceder a la web, de ah\u00ed que no hay derechos de los usuarios sobre estos ni sobre los contenidos que se recogen, ya que pueden ser propiedad intelectual, bien propia, bien de terceros que han autorizado su uso y a quienes corresponde el ejercer su explotaci\u00f3n, reproducci\u00f3n y distribuci\u00f3n.<\/p>\n<p><strong>POLITICA DE PRIVACIDAD<\/strong><\/p>\n<p>En este sitio web, el centro educativo\u00a0 recaba datos personales en distintos espacios del men\u00fa, como puedes ver en el apartado \u201c<strong>trabaja con nosotros<\/strong>\u201d, y \u201c<strong>contactar<\/strong><strong>\u00a0<\/strong>\u201d.<\/p>\n<p>Tenemos la posibilidad de conocer el n\u00famero de visitas recibidas e incluso la actividad de los visitantes a trav\u00e9s de estad\u00edsticas de nuestro proveedor de internet. Pero aclaramos que las cookies que se usan no son destinadas a recoger informaci\u00f3n de los usuarios, ni registra las direcciones IP de acceso. Se usan cookies propias con finalidad t\u00e9cnica para permitir la navegaci\u00f3n a trav\u00e9s de la web y el uso de opciones y servicios<\/p>\n<p>Desde esta web puede tener acceso a enlaces de otros sitios web, cuyas pol\u00edticas de privacidad son ajenas a nosotros. Sera usted quien tendr\u00e1 que decidir si acepta la pol\u00edtica de privacidad y de cookies de estos sitios.<\/p>\n<p>Los datos que podamos recoger a trav\u00e9s de esta web se tratar\u00e1n de forma confidencial y se incorpora a las actividades de tratamiento del responsable.<\/p>\n<p><strong>\u00bfQUI\u00c9N ES EL RESPONSABLE DEL TRATAMIENTO?<\/strong><\/p>\n<p>COLEGIO SALESIANOS SAN JUAN BOSCO, AVD\/ DE LA PLATA, 10, 46013 VALENCIA , 963 343 705\u00a0<\/p>\n<p><a href=\"protecciondatos.valenciasjb@salesianos.edu\">protecciondatos.valenciasjb<\/a><a href=\"salesianos.valencia.sjb@salesianos.edu\">@salesianos.edu<\/a><\/p>\n<p><a href=\"mailto:protecciondatos@salesianos.edu\">protecciondatos@salesianos.edu<\/a><\/p>\n<p>[\/et_pb_text][et_pb_accordion _builder_version=\u00bb4.27.4&#8243; _module_preset=\u00bbdefault\u00bb global_colors_info=\u00bb{}\u00bb][et_pb_accordion_item title=\u00bb\u00bfQu\u00e9 informaci\u00f3n recogemos en la web?\u00bb open=\u00bbon\u00bb _builder_version=\u00bb4.27.4&#8243; _module_preset=\u00bbdefault\u00bb global_colors_info=\u00bb{}\u00bb]<\/p>\n<p><strong>Puede contactar con nosotros a trav\u00e9s de distintos formularios disponibles en la web, en los que se le solicitar\u00e1n datos vinculados a la consulta realizada.<\/strong><\/p>\n<p>Si contacta con nosotros a trav\u00e9s del formulario \u201c<strong>contactar<\/strong>\u201d, se solicitar\u00e1 su nombre y su direcci\u00f3n de correo y la consulta que nos realice en el cuerpo del mensaje.<\/p>\n<p>Si el contacto se produce a trav\u00e9s de la secci\u00f3n \u201c<strong>trabaja con nosotros<\/strong>\u201d, abriremos una pasarela con la p\u00e1gina web de INSPECTORIA SALESIANA MARIA AUXILIADORA, titular de \u00e9ste colegio. En esa p\u00e1gina web podr\u00e1 elegir nuestro centro u otros centros salesianos en los que quiera que accedan a su candidatura. Los datos que se recoger\u00e1n son de car\u00e1cter acad\u00e9mico, experiencia profesional, acciones de voluntariado y conocimiento de la obra salesiana.\u00a0 Antes del formulario de recogida de datos te puedes informar del tratamiento que de tus datos se realizar\u00e1.<\/p>\n<p>Respecto a tu navegaci\u00f3n, el sitio web usa cookies que nos ofrecen h\u00e1bitos y uso de navegaci\u00f3n, pero en ning\u00fan caso facilita datos personales. El an\u00e1lisis de los h\u00e1bitos de navegaci\u00f3n lo usamos para mejorar el servicio que ofrecemos en la p\u00e1gina web.<\/p>\n<p>La actividad de tratamiento de datos audiovisuales que pueda encontrarse en galer\u00edas o ilustrando noticias y eventos, corresponde a participantes en actividades l\u00fadicas, formativas, deportivas, educativas y pastorales organizadas por el centro educativo o por otros centros educativos salesianos, asociaciones, plataformas sociales, fundaciones, parroquias, asociaci\u00f3n de padres y madres, y, oros grupos integrados en la entidad titular INSPECTORIA SALESIANA MARIA AUXILIADORA, y que previamente han informado a los interesados de su uso, difusi\u00f3n y cesi\u00f3n- en su caso-\u00a0 a \u00e9ste portal web.<\/p>\n<p>Los alumnos del centro educativo, tiene acceso a recursos creados expresamente para ellos a trav\u00e9s de su cuenta de correo corporativa. Los docentes acceden a la intranet identific\u00e1ndose previamente con nombre de usuario y contrase\u00f1a. Los datos que se tratan en este caso son de car\u00e1cter identificativo, acad\u00e9mico y laboral.<\/p>\n<p>[\/et_pb_accordion_item][et_pb_accordion_item title=\u00bb\u00bfcon qu\u00e9 finalidad se recogen los datos?\u00bb _builder_version=\u00bb4.27.4&#8243; _module_preset=\u00bbdefault\u00bb global_colors_info=\u00bb{}\u00bb open=\u00bboff\u00bb]<\/p>\n<p><strong>La recogida de datos a trav\u00e9s de los formularios alojados en esta p\u00e1gina web tiene por finalidad la gesti\u00f3n de consultas de los interesados.\u00a0<\/strong><strong>Las im\u00e1genes publicadas tienen por finalidad ilustrar eventos y noticias.<\/strong><\/p>\n<p>Si la consulta se realiza a trav\u00e9s del formulario \u201c<strong>contactar<\/strong>\u201d, se tratar\u00e1 la informaci\u00f3n solo con el fin de gestionar la respuesta y comunicaci\u00f3n.<\/p>\n<p>Si se utiliza el servicio \u201c<strong>trabaja con nosotros<\/strong>\u201d, podemos usar los datos para gestionar vacantes de empleo de nuestro centro.<\/p>\n<p>En ning\u00fan caso se podr\u00e1 usar la informaci\u00f3n de contacto para el env\u00edo de promociones, boletines, publicidad no solicitada.<\/p>\n<p>Todas las im\u00e1genes y videos publicadas en la p\u00e1gina web permiten acompa\u00f1ar e ilustrar la difusi\u00f3n de eventos organizados directamente por el centro educativo, siempre que \u00e9ste sea correspondiente con los fines educativos, pastorales, sociales, l\u00fadicos y deportivos que lo definen.<\/p>\n<p>La web cuenta tambi\u00e9n con enlaces a redes sociales como Twitter, YouTube, Facebook e Instagram. Su vinculaci\u00f3n en la p\u00e1gina web se hace para promocionar otras fuentes de informaci\u00f3n y conocimiento del centro educativo.<\/p>\n<p>El tratamiento que se hace de la informaci\u00f3n del personal docente y no docente que se recoge en la intranet tiene por finalidad cumplir con organizaci\u00f3n de tareas y cumplimiento de fines educativos y vinculado a su funci\u00f3n docente.<\/p>\n<p>[\/et_pb_accordion_item][et_pb_accordion_item title=\u00bb\u00bfPor cu\u00e1nto tiempo conservamos sus datos?\u00bb _builder_version=\u00bb4.27.4&#8243; _module_preset=\u00bbdefault\u00bb global_colors_info=\u00bb{}\u00bb open=\u00bboff\u00bb]<\/p>\n<p><strong>La conservaci\u00f3n de los datos est\u00e1 vinculada a la finalidad por la que se realiza la consulta o cumplimentaci\u00f3n de formularios.<\/strong><\/p>\n<p><strong>\u201cContactar\u201d<\/strong>\u00a0por correo electr\u00f3nico no supone que pase a formar parte de ning\u00fan registro o base de datos, por eso, realizada y atendida la consulta se cancelar\u00e1 la direcci\u00f3n de correo. El asunto de la consulta se conservar\u00e1 por razones estad\u00edsticas.<\/p>\n<p>En el apartado \u201c<strong>trabaja con nosotros<\/strong>\u201d la conservaci\u00f3n de la informaci\u00f3n es de 6 meses. Antes de rellenar el formulario de recogida de datos puedes obtener m\u00e1s informaci\u00f3n.<\/p>\n<p>Los datos de acceso de alumnos y de personal docente y no docente se conservar\u00e1 solo durante el tiempo necesario para cumplir con los fines para los que se recogieron y determinar posibles responsabilidades o coexistan plazos legales para su conservaci\u00f3n.<\/p>\n<p>[\/et_pb_accordion_item][et_pb_accordion_item title=\u00bb\u00bfCu\u00e1l es la legitimaci\u00f3n para el tratamiento de datos?\u00bb _builder_version=\u00bb4.27.4&#8243; _module_preset=\u00bbdefault\u00bb global_colors_info=\u00bb{}\u00bb open=\u00bboff\u00bb]<\/p>\n<p><strong>La base leg\u00edtima del tratamiento est\u00e1 basada en el consentimiento que nos das al aceptar nuestra pol\u00edtica de privacidad y en el inter\u00e9s leg\u00edtimo.<\/strong><\/p>\n<p>El art. 6 del RGPD, en su apartado 1, recoge distintos supuestos que legitiman el tratamiento de datos personales. Los datos que usamos en este sitio web basan la legitimaci\u00f3n en el consentimiento, al aceptar nuestra pol\u00edtica de privacidad. Cuando cumplimentas un formulario en este sitio podr\u00e1s acceder a la pol\u00edtica de privacidad del sitio. Por otro lado, la base legitimadora se encuentra en el inter\u00e9s leg\u00edtimo para analizar los usos de navegaci\u00f3n de los usuarios a trav\u00e9s de Google Analitycs.<\/p>\n<p>[\/et_pb_accordion_item][et_pb_accordion_item title=\u00bb\u00bfQu\u00e9 derechos tengo?\u00bb _builder_version=\u00bb4.27.4&#8243; _module_preset=\u00bbdefault\u00bb global_colors_info=\u00bb{}\u00bb open=\u00bboff\u00bb]<\/p>\n<p><strong>Cualquier persona tiene derecho a obtener informaci\u00f3n sobre los tratamientos que de sus datos se llevan a cabo por esta entidad.<\/strong><\/p>\n<p>Como usuario de esta p\u00e1gina web tienes derecho a obtener confirmaci\u00f3n sobre si estamos tratando tus datos personales. Podr\u00e1s acceder a tus datos, as\u00ed como solicitar la rectificaci\u00f3n de los mismos en caso de que sean inexactos.<\/p>\n<p>Tambi\u00e9n puedes ejercer tu derecho a suprimir datos cuando estos no sean necesarios para los fines por los que nos fueron facilitados.<\/p>\n<p>Podr\u00e1s, en determinadas circunstancias, solicitar la limitaci\u00f3n del tratamiento de tus datos, es decir que suspendamos su tratamiento, en cuyo caso \u00fanicamente los conservaremos para el ejercicio o la defensa de reclamaciones.<\/p>\n<p>Cuando existan motivos fundados relacionados con tu situaci\u00f3n personal podr\u00e1s ejercer tu derecho de oposici\u00f3n.<\/p>\n<p>Por otro lado tambi\u00e9n podr\u00e1s solicitar la portabilidad de tus datos a otro responsable de tratamiento, lo que haremos, -siempre que la t\u00e9cnica lo permita- en un formato estructurado, de uso com\u00fan y f\u00e1cil lectura mec\u00e1nica.<\/p>\n<p>Recuerda que todos tus derechos puedes hacerlo dirigi\u00e9ndote al Responsable del tratamiento en la direcci\u00f3n\u00a0<a href=\"mailto:webmaster@salesianos.edu\">webmaster@salesianos.edu<\/a><\/p>\n<p>Puedes contactar tambi\u00e9n para el ejercicio de tus derechos con el Delegado de Protecci\u00f3n de Datos en\u00a0 la direcci\u00f3n\u00a0<a href=\"mailto:protecciondatos@salesianos.edu\">protecciondatos@salesianos.edu<\/a>\u00a0adjuntando copia del DNI y\/o documento que permita su identificaci\u00f3n.<\/p>\n<p>Por \u00faltimo recordarte que el ejercicio de estos derechos es gratuito y que en cualquier caso, si consideras que no se ha atendido adecuadamente o se ha vulnerado tu privacidad puedes contactar con la Autoridad de Control en\u00a0<a href=\"http:\/\/www.aepd.es\/\">www.aepd.es<\/a>\u00a0\u00a0<\/p>\n<p>[\/et_pb_accordion_item][\/et_pb_accordion][\/et_pb_column][\/et_pb_row][\/et_pb_section]<\/p>\n<!-- AddThis Advanced Settings generic via filter on the_content --><!-- AddThis Share Buttons generic via filter on the_content -->","protected":false},"excerpt":{"rendered":"<p>Pol\u00edtica de privacidad La presente Web, a efectos de dar cumplimiento al art\u00edculo 10 de la Ley de Servicio Sociales de la Informaci\u00f3n y el Comercio Electr\u00f3nico, es propiedad De Colegio SalesianoS San JUan Bosco , con CIF R4600498B y domicilio social en Avda. de La Plata, 10, 46013 Valencia, cuyo tel\u00e9fono de contacto es [&hellip;]<\/p>\n<p><!-- AddThis Advanced Settings generic via filter on get_the_excerpt --><!-- AddThis Share Buttons generic via filter on get_the_excerpt --><\/p>\n","protected":false},"author":2,"featured_media":0,"parent":0,"menu_order":0,"comment_status":"closed","ping_status":"closed","template":"","meta":{"_et_pb_use_builder":"on","_et_pb_old_content":"","_et_gb_content_width":"","footnotes":""},"class_list":["post-5700","page","type-page","status-publish","hentry"],"yoast_head":"<!-- This site is optimized with the Yoast SEO plugin v27.3 - https:\/\/yoast.com\/product\/yoast-seo-wordpress\/ -->\n<title>Privacidad - Colegio San Juan Bosco Valencia<\/title>\n<meta name=\"robots\" content=\"index, follow, max-snippet:-1, max-image-preview:large, max-video-preview:-1\" \/>\n<link rel=\"canonical\" href=\"https:\/\/valenciasjb.salesianos.edu\/colegio\/privacidad\/\" \/>\n<meta property=\"og:locale\" content=\"es_ES\" \/>\n<meta property=\"og:type\" content=\"article\" \/>\n<meta property=\"og:title\" content=\"Privacidad - Colegio San Juan Bosco Valencia\" \/>\n<meta property=\"og:description\" content=\"Pol\u00edtica de privacidad La presente Web, a efectos de dar cumplimiento al art\u00edculo 10 de la Ley de Servicio Sociales de la Informaci\u00f3n y el Comercio Electr\u00f3nico, es propiedad De Colegio SalesianoS San JUan Bosco , con CIF R4600498B y domicilio social en Avda. de La Plata, 10, 46013 Valencia, cuyo tel\u00e9fono de contacto es [&hellip;]\" \/>\n<meta property=\"og:url\" content=\"https:\/\/valenciasjb.salesianos.edu\/colegio\/privacidad\/\" \/>\n<meta property=\"og:site_name\" content=\"Colegio San Juan Bosco Valencia\" \/>\n<meta property=\"article:publisher\" content=\"https:\/\/www.facebook.com\/ColegioSalesianoSanJuanBoscoValencia\" \/>\n<meta property=\"article:modified_time\" content=\"2024-12-03T10:55:53+00:00\" \/>\n<meta name=\"twitter:card\" content=\"summary_large_image\" \/>\n<meta name=\"twitter:site\" content=\"@SalesianosVSJB\" \/>\n<meta name=\"twitter:label1\" content=\"Tiempo de lectura\" \/>\n\t<meta name=\"twitter:data1\" content=\"8 minutos\" \/>\n<script type=\"application\/ld+json\" class=\"yoast-schema-graph\">{\"@context\":\"https:\\\/\\\/schema.org\",\"@graph\":[{\"@type\":\"WebPage\",\"@id\":\"https:\\\/\\\/valenciasjb.salesianos.edu\\\/colegio\\\/privacidad\\\/\",\"url\":\"https:\\\/\\\/valenciasjb.salesianos.edu\\\/colegio\\\/privacidad\\\/\",\"name\":\"Privacidad - Colegio San Juan Bosco Valencia\",\"isPartOf\":{\"@id\":\"https:\\\/\\\/valenciasjb.salesianos.edu\\\/colegio\\\/#website\"},\"datePublished\":\"2017-10-31T16:08:30+00:00\",\"dateModified\":\"2024-12-03T10:55:53+00:00\",\"breadcrumb\":{\"@id\":\"https:\\\/\\\/valenciasjb.salesianos.edu\\\/colegio\\\/privacidad\\\/#breadcrumb\"},\"inLanguage\":\"es\",\"potentialAction\":[{\"@type\":\"ReadAction\",\"target\":[\"https:\\\/\\\/valenciasjb.salesianos.edu\\\/colegio\\\/privacidad\\\/\"]}]},{\"@type\":\"BreadcrumbList\",\"@id\":\"https:\\\/\\\/valenciasjb.salesianos.edu\\\/colegio\\\/privacidad\\\/#breadcrumb\",\"itemListElement\":[{\"@type\":\"ListItem\",\"position\":1,\"name\":\"Portada\",\"item\":\"https:\\\/\\\/valenciasjb.salesianos.edu\\\/colegio\\\/\"},{\"@type\":\"ListItem\",\"position\":2,\"name\":\"Privacidad\"}]},{\"@type\":\"WebSite\",\"@id\":\"https:\\\/\\\/valenciasjb.salesianos.edu\\\/colegio\\\/#website\",\"url\":\"https:\\\/\\\/valenciasjb.salesianos.edu\\\/colegio\\\/\",\"name\":\"Colegio San Juan Bosco Valencia\",\"description\":\"P\u00e1gina oficial del Colegio Salesianos San Juan Bosco Valencia\",\"alternateName\":\"Salesianos.VSJB\",\"potentialAction\":[{\"@type\":\"SearchAction\",\"target\":{\"@type\":\"EntryPoint\",\"urlTemplate\":\"https:\\\/\\\/valenciasjb.salesianos.edu\\\/colegio\\\/?s={search_term_string}\"},\"query-input\":{\"@type\":\"PropertyValueSpecification\",\"valueRequired\":true,\"valueName\":\"search_term_string\"}}],\"inLanguage\":\"es\"}]}<\/script>\n<!-- \/ Yoast SEO plugin. -->","yoast_head_json":{"title":"Privacidad - Colegio San Juan Bosco Valencia","robots":{"index":"index","follow":"follow","max-snippet":"max-snippet:-1","max-image-preview":"max-image-preview:large","max-video-preview":"max-video-preview:-1"},"canonical":"https:\/\/valenciasjb.salesianos.edu\/colegio\/privacidad\/","og_locale":"es_ES","og_type":"article","og_title":"Privacidad - Colegio San Juan Bosco Valencia","og_description":"Pol\u00edtica de privacidad La presente Web, a efectos de dar cumplimiento al art\u00edculo 10 de la Ley de Servicio Sociales de la Informaci\u00f3n y el Comercio Electr\u00f3nico, es propiedad De Colegio SalesianoS San JUan Bosco , con CIF R4600498B y domicilio social en Avda. de La Plata, 10, 46013 Valencia, cuyo tel\u00e9fono de contacto es [&hellip;]","og_url":"https:\/\/valenciasjb.salesianos.edu\/colegio\/privacidad\/","og_site_name":"Colegio San Juan Bosco Valencia","article_publisher":"https:\/\/www.facebook.com\/ColegioSalesianoSanJuanBoscoValencia","article_modified_time":"2024-12-03T10:55:53+00:00","twitter_card":"summary_large_image","twitter_site":"@SalesianosVSJB","twitter_misc":{"Tiempo de lectura":"8 minutos"},"schema":{"@context":"https:\/\/schema.org","@graph":[{"@type":"WebPage","@id":"https:\/\/valenciasjb.salesianos.edu\/colegio\/privacidad\/","url":"https:\/\/valenciasjb.salesianos.edu\/colegio\/privacidad\/","name":"Privacidad - Colegio San Juan Bosco Valencia","isPartOf":{"@id":"https:\/\/valenciasjb.salesianos.edu\/colegio\/#website"},"datePublished":"2017-10-31T16:08:30+00:00","dateModified":"2024-12-03T10:55:53+00:00","breadcrumb":{"@id":"https:\/\/valenciasjb.salesianos.edu\/colegio\/privacidad\/#breadcrumb"},"inLanguage":"es","potentialAction":[{"@type":"ReadAction","target":["https:\/\/valenciasjb.salesianos.edu\/colegio\/privacidad\/"]}]},{"@type":"BreadcrumbList","@id":"https:\/\/valenciasjb.salesianos.edu\/colegio\/privacidad\/#breadcrumb","itemListElement":[{"@type":"ListItem","position":1,"name":"Portada","item":"https:\/\/valenciasjb.salesianos.edu\/colegio\/"},{"@type":"ListItem","position":2,"name":"Privacidad"}]},{"@type":"WebSite","@id":"https:\/\/valenciasjb.salesianos.edu\/colegio\/#website","url":"https:\/\/valenciasjb.salesianos.edu\/colegio\/","name":"Colegio San Juan Bosco Valencia","description":"P\u00e1gina oficial del Colegio Salesianos San Juan Bosco Valencia","alternateName":"Salesianos.VSJB","potentialAction":[{"@type":"SearchAction","target":{"@type":"EntryPoint","urlTemplate":"https:\/\/valenciasjb.salesianos.edu\/colegio\/?s={search_term_string}"},"query-input":{"@type":"PropertyValueSpecification","valueRequired":true,"valueName":"search_term_string"}}],"inLanguage":"es"}]}},"_links":{"self":[{"href":"https:\/\/valenciasjb.salesianos.edu\/colegio\/wp-json\/wp\/v2\/pages\/5700","targetHints":{"allow":["GET"]}}],"collection":[{"href":"https:\/\/valenciasjb.salesianos.edu\/colegio\/wp-json\/wp\/v2\/pages"}],"about":[{"href":"https:\/\/valenciasjb.salesianos.edu\/colegio\/wp-json\/wp\/v2\/types\/page"}],"author":[{"embeddable":true,"href":"https:\/\/valenciasjb.salesianos.edu\/colegio\/wp-json\/wp\/v2\/users\/2"}],"replies":[{"embeddable":true,"href":"https:\/\/valenciasjb.salesianos.edu\/colegio\/wp-json\/wp\/v2\/comments?post=5700"}],"version-history":[{"count":5,"href":"https:\/\/valenciasjb.salesianos.edu\/colegio\/wp-json\/wp\/v2\/pages\/5700\/revisions"}],"predecessor-version":[{"id":22721,"href":"https:\/\/valenciasjb.salesianos.edu\/colegio\/wp-json\/wp\/v2\/pages\/5700\/revisions\/22721"}],"wp:attachment":[{"href":"https:\/\/valenciasjb.salesianos.edu\/colegio\/wp-json\/wp\/v2\/media?parent=5700"}],"curies":[{"name":"wp","href":"https:\/\/api.w.org\/{rel}","templated":true}]}}