{"id":5720,"date":"2017-11-01T21:16:18","date_gmt":"2017-11-01T20:16:18","guid":{"rendered":"https:\/\/valenciasjb.salesianos.edu\/colegio\/?page_id=5720"},"modified":"2025-09-30T19:48:52","modified_gmt":"2025-09-30T18:48:52","slug":"objetivos-pastoral","status":"publish","type":"page","link":"https:\/\/valenciasjb.salesianos.edu\/colegio\/objetivos-pastoral\/","title":{"rendered":"objetivos pastoral"},"content":{"rendered":"<div id=\"fb-root\"><\/div>\n<p>[et_pb_section fb_built=\u00bb1&#8243; fullwidth=\u00bbon\u00bb _builder_version=\u00bb4.16&#8243; global_colors_info=\u00bb{}\u00bb][et_pb_fullwidth_header title=\u00bbLema Pastoral\u00bb title_font_color=\u00bb#ffffff\u00bb module_class=\u00bbpagina-imagen-cabecera\u00bb _builder_version=\u00bb4.27.4&#8243; title_text_color=\u00bb#ffffff\u00bb title_font_size=\u00bb40px\u00bb background_color=\u00bb#e02b20&#8243; background_enable_image=\u00bboff\u00bb background_size=\u00bbcontain\u00bb background_position=\u00bbtop_left\u00bb background_horizontal_offset=\u00bb18%\u00bb background_blend=\u00bbsoft-light\u00bb background_layout=\u00bblight\u00bb hover_enabled=\u00bb0&#8243; background_url=\u00bbhttps:\/\/inspectoria.salesianos.edu\/wp-content\/uploads\/2017\/02\/ImagenPAGINA01.png\u00bb global_colors_info=\u00bb{}\u00bb button_one_text_size__hover_enabled=\u00bboff\u00bb button_two_text_size__hover_enabled=\u00bboff\u00bb button_one_text_color__hover_enabled=\u00bboff\u00bb button_two_text_color__hover_enabled=\u00bboff\u00bb button_one_border_width__hover_enabled=\u00bboff\u00bb button_two_border_width__hover_enabled=\u00bboff\u00bb button_one_border_color__hover_enabled=\u00bboff\u00bb button_two_border_color__hover_enabled=\u00bboff\u00bb button_one_border_radius__hover_enabled=\u00bboff\u00bb button_two_border_radius__hover_enabled=\u00bboff\u00bb button_one_letter_spacing__hover_enabled=\u00bboff\u00bb button_two_letter_spacing__hover_enabled=\u00bboff\u00bb button_one_bg_color__hover_enabled=\u00bboff\u00bb button_two_bg_color__hover_enabled=\u00bboff\u00bb title_text=\u00bblogotipo cast peque\u00f1in\u00bb logo_image_url=\u00bbhttps:\/\/valenciasjb.salesianos.edu\/colegio\/wp-content\/uploads\/sites\/2\/2025\/09\/logotipo-cast-pequenin.png\u00bb sticky_enabled=\u00bb0&#8243;][\/et_pb_fullwidth_header][\/et_pb_section][et_pb_section fb_built=\u00bb1&#8243; module_class=\u00bbpagina-seccion-contenido\u00bb _builder_version=\u00bb4.16&#8243; custom_padding=\u00bb-4%|||\u00bb transparent_background=\u00bboff\u00bb global_colors_info=\u00bb{}\u00bb][et_pb_row column_structure=\u00bb2_3,1_3&#8243; module_class=\u00bbpagina-texto\u00bb _builder_version=\u00bb4.16&#8243; background_size=\u00bbinitial\u00bb background_position=\u00bbtop_left\u00bb background_repeat=\u00bbrepeat\u00bb custom_padding=\u00bb27px|0px|27px|0px\u00bb global_colors_info=\u00bb{}\u00bb][et_pb_column type=\u00bb2_3&#8243; _builder_version=\u00bb4.16&#8243; custom_padding=\u00bb|||\u00bb global_colors_info=\u00bb{}\u00bb custom_padding__hover=\u00bb|||\u00bb][et_pb_text _builder_version=\u00bb4.27.4&#8243; background_size=\u00bbinitial\u00bb background_position=\u00bbtop_left\u00bb background_repeat=\u00bbrepeat\u00bb module_alignment=\u00bbleft\u00bb custom_padding=\u00bb1px|||||\u00bb global_colors_info=\u00bb{}\u00bb]<\/p>\n<h3><b style=\"-webkit-tap-highlight-color: rgba(0, 0, 0, 0);\">\u201cPROTAGONISTAS DE LA HISTORIA\u201d<\/b><\/h3>\n<p style=\"font-weight: 400;\"><strong><em>(Lema del curso 2025-2026)<\/em><\/strong><\/p>\n<p><b>OBJETIVO PASTORAL<\/b><br \/><strong>Inspirados por la exhortaci\u00f3n Christus Vivit del Papa Francisco, queremos favorecer que los ni\u00f1os, adolescentes, j\u00f3venes y educadores de nuestras Comunidades Educativo-Pastorales puedan descubrir, paso a paso, que sus historias personales tienen un sentido mayor y universal; que hay una historia que comienza en el coraz\u00f3n de Dios, se encarna en Jes\u00fas y sigue viva en el Esp\u00edritu y en cada uno de nosotros.<\/strong><\/p>\n<p><strong>PRIMER TRIMESTRE: Acogi\u00e9ndola con esperanza.<\/strong><br \/><strong>\u201cUna historia que acoger\u201d \u00b7 Esperanza<\/strong><br \/>Toda gran historia comienza con una llamada que acoger, con una semilla de esperanza. Esta es la nuestra: una historia que Dios ha empezado en nosotros y que est\u00e1 llamada a dar fruto.<br \/>Con este convencimiento, se nos brinda la ocasi\u00f3n de acoger la Buena Noticia de Dios e iluminar la historia del mundo a la luz del Evangelio de Jes\u00fas, en clave de Primer Anuncio: \u201cDios nos quiere, Dios nos ama a todos\u201d (Le\u00f3n XIV).<br \/>Poniendo en valor nuestra historia, celebramos el 150 aniversario de la Primera Expedici\u00f3n Misionera Salesiana para agradecer, repensar y relanzar nuestra misi\u00f3n. Concluyendo el A\u00f1o Jubilar de la Esperanza, convocado por el papa Francisco, prepararemos una nueva Navidad para acoger a quien es la Esperanza del mundo: \u201cUna esperanza que no defrauda\u201d.<br \/>\u25cf Redescubrimos nuestra historia personal a la luz del Evangelio: \u00abDios nos quiere, Dios nos ama\u00bb.<br \/>\u25cf Celebramos el 150 aniversario de la Primera Expedici\u00f3n Misionera Salesiana, como parte de una historia que sigue dando fruto.<br \/>\u25cf Concluimos el A\u00f1o Jubilar de la Esperanza, prepar\u00e1ndonos para celebrar una nueva Navidad en la que acoger al que es la Esperanza del mundo.<\/p>\n<p style=\"font-weight: 400;\"><strong>SEGUNDO TRIMESTRE: Vivi\u00e9ndola con amor.<\/strong><br \/><strong>\u201cUna historia que vivir\u201d \u00b7 Amor<\/strong><br \/>La historia no es solo para ser contada, sino para ser vivida. El amor de Dios se hizo carne, y nos invita a vivir y amar con autenticidad,<br \/>entregando la vida. Las historias que cambian el mundo son las que, antes de ser contadas,<br \/>son vividas. La mayor historia de amor jam\u00e1s contada es la que encarn\u00f3 Jes\u00fas de Nazaret, el Hijo de Dios, con su forma de vivir y amar a \u201ctodos,<br \/>todos, todos\u201d.<br \/>Tambi\u00e9n nosotros estamos llamados a vivir una vida que ilumine la historia, tenga sentido y sea capaz de responder a la pregunta \u201c\u00bfpara qui\u00e9n soy?\u201d, superando esa autorreferencialidad que nos impide ser m\u00e1s humanos y m\u00e1s hermanos de todos.<br \/>El proyecto personal de vida nos interroga sobre nuestra vocaci\u00f3n y misi\u00f3n: es el prop\u00f3sito de nuestra campa\u00f1a vocacional, ayudarnos a vivir una historia que merezca ser vivida.<br \/>\u25cf Profundizamos en la Buena Noticia del Se\u00f1or Jes\u00fas, (re)descubriendo su historia de amor radical al Padre en el Esp\u00edritu y a \u2018todos, todos, todos\u2019.<br \/>\u25cf Reflexionamos sobre la vocaci\u00f3n personal, \u201c\u00bfpara qui\u00e9n soy?\u201d, a la luz de la Campa\u00f1a Vocacional.<br \/>\u25cf Descubrimos que el amor no es solo emoci\u00f3n, sino elecci\u00f3n, responsabilidad y servicio, conociendo el testimonio vocacional de Don Bosco y de tantos misioneros salesianos.<\/p>\n<p style=\"font-weight: 400;\"><strong>TERCER TRIMESTRE: Regal\u00e1ndola con alegr\u00eda.<\/strong><br \/><strong>\u201cUna historia que regalar\u201d \u00b7 Alegr\u00eda<\/strong><br \/>La alegr\u00eda no se guarda, se regala. El Resucitado nos env\u00eda a ser testigos. Nuestra historia se multiplica cuando se convierte en don para todos.<br \/>La celebraci\u00f3n de la Pascua de Resurrecci\u00f3n ofrece plenitud a la historia y reaviva la esperanza en nuestro mundo.<br \/>La alegr\u00eda del Evangelio compromete nuestra historia y nuestras vidas, ampl\u00eda la mirada y nos \u2018hace salir de nosotros, sentirnos enviados a la misi\u00f3n cotidiana, la del servicio en el d\u00eda a d\u00eda.<br \/>Este compromiso con la historia nos invita a humanizar nuestro mundo, a poner en el centro a los hermanos, especialmente a aquellos que m\u00e1s sufren.<br \/>\u25cf Celebramos la Pascua de Resurrecci\u00f3n como plenitud de la historia: de la cruz a la vida nueva.<br \/>\u25cf Promovemos un compromiso alegre y sincero con todos, especialmente con los que m\u00e1s sufren.<br \/>\u25cf Compartimos lo que somos, como la Virgen Mar\u00eda, conscientes -como Ella- de que estamos llamados a humanizar el mundo.<\/p>\n<p>[\/et_pb_text][\/et_pb_column][et_pb_column type=\u00bb1_3&#8243; _builder_version=\u00bb4.16&#8243; custom_padding=\u00bb|||\u00bb global_colors_info=\u00bb{}\u00bb custom_padding__hover=\u00bb|||\u00bb][et_pb_image src=\u00bbhttps:\/\/valenciasjb.salesianos.edu\/colegio\/wp-content\/uploads\/sites\/2\/2025\/08\/CAS-cartel-mayores-web.jpg\u00bb title_text=\u00bbCAS cartel mayores web\u00bb align_tablet=\u00bbcenter\u00bb align_phone=\u00bb\u00bb align_last_edited=\u00bbon|desktop\u00bb _builder_version=\u00bb4.27.4&#8243; global_colors_info=\u00bb{}\u00bb][\/et_pb_image][et_pb_image src=\u00bbhttps:\/\/valenciasjb.salesianos.edu\/colegio\/wp-content\/uploads\/sites\/2\/2025\/08\/CAS-cartel-peques-web.jpg\u00bb title_text=\u00bbCAS cartel peques web\u00bb align_tablet=\u00bbcenter\u00bb align_phone=\u00bb\u00bb align_last_edited=\u00bbon|desktop\u00bb _builder_version=\u00bb4.27.4&#8243; global_colors_info=\u00bb{}\u00bb][\/et_pb_image][et_pb_image src=\u00bbhttps:\/\/valenciasjb.salesianos.edu\/colegio\/wp-content\/uploads\/sites\/2\/2025\/09\/IMG_6826.png\u00bb title_text=\u00bbIMG_6826&#8243; align_tablet=\u00bbcenter\u00bb align_phone=\u00bb\u00bb align_last_edited=\u00bbon|desktop\u00bb admin_label=\u00bbmissa en familia\u00bb _builder_version=\u00bb4.27.4&#8243; hover_enabled=\u00bb0&#8243; global_colors_info=\u00bb{}\u00bb sticky_enabled=\u00bb0&#8243;][\/et_pb_image][\/et_pb_column][\/et_pb_row][et_pb_row _builder_version=\u00bb4.16&#8243; _module_preset=\u00bbdefault\u00bb global_colors_info=\u00bb{}\u00bb][et_pb_column type=\u00bb4_4&#8243; _builder_version=\u00bb4.16&#8243; _module_preset=\u00bbdefault\u00bb global_colors_info=\u00bb{}\u00bb][et_pb_gallery gallery_ids=\u00bb23842,23841,23840,23837&#8243; fullwidth=\u00bbon\u00bb _builder_version=\u00bb4.27.4&#8243; _module_preset=\u00bbdefault\u00bb global_colors_info=\u00bb{}\u00bb][\/et_pb_gallery][\/et_pb_column][\/et_pb_row][\/et_pb_section]<\/p>\n<!-- AddThis Advanced Settings generic via filter on the_content --><!-- AddThis Share Buttons generic via filter on the_content -->","protected":false},"excerpt":{"rendered":"<p>\u201cPROTAGONISTAS DE LA HISTORIA\u201d (Lema del curso 2025-2026) OBJETIVO PASTORALInspirados por la exhortaci\u00f3n Christus Vivit del Papa Francisco, queremos favorecer que los ni\u00f1os, adolescentes, j\u00f3venes y educadores de nuestras Comunidades Educativo-Pastorales puedan descubrir, paso a paso, que sus historias personales tienen un sentido mayor y universal; que hay una historia que comienza en el coraz\u00f3n [&hellip;]<\/p>\n<p><!-- AddThis Advanced Settings generic via filter on get_the_excerpt --><!-- AddThis Share Buttons generic via filter on get_the_excerpt --><\/p>\n","protected":false},"author":2,"featured_media":0,"parent":0,"menu_order":0,"comment_status":"closed","ping_status":"closed","template":"","meta":{"_et_pb_use_builder":"on","_et_pb_old_content":"","_et_gb_content_width":"","footnotes":""},"class_list":["post-5720","page","type-page","status-publish","hentry"],"yoast_head":"<!-- This site is optimized with the Yoast SEO plugin v27.3 - https:\/\/yoast.com\/product\/yoast-seo-wordpress\/ -->\n<title>objetivos pastoral - Colegio San Juan Bosco Valencia<\/title>\n<meta name=\"robots\" content=\"index, follow, max-snippet:-1, max-image-preview:large, max-video-preview:-1\" \/>\n<link rel=\"canonical\" href=\"https:\/\/valenciasjb.salesianos.edu\/colegio\/objetivos-pastoral\/\" \/>\n<meta property=\"og:locale\" content=\"es_ES\" \/>\n<meta property=\"og:type\" content=\"article\" \/>\n<meta property=\"og:title\" content=\"objetivos pastoral - Colegio San Juan Bosco Valencia\" \/>\n<meta property=\"og:description\" content=\"\u201cPROTAGONISTAS DE LA HISTORIA\u201d (Lema del curso 2025-2026) OBJETIVO PASTORALInspirados por la exhortaci\u00f3n Christus Vivit del Papa Francisco, queremos favorecer que los ni\u00f1os, adolescentes, j\u00f3venes y educadores de nuestras Comunidades Educativo-Pastorales puedan descubrir, paso a paso, que sus historias personales tienen un sentido mayor y universal; que hay una historia que comienza en el coraz\u00f3n [&hellip;]\" \/>\n<meta property=\"og:url\" content=\"https:\/\/valenciasjb.salesianos.edu\/colegio\/objetivos-pastoral\/\" \/>\n<meta property=\"og:site_name\" content=\"Colegio San Juan Bosco Valencia\" \/>\n<meta property=\"article:publisher\" content=\"https:\/\/www.facebook.com\/ColegioSalesianoSanJuanBoscoValencia\" \/>\n<meta property=\"article:modified_time\" content=\"2025-09-30T18:48:52+00:00\" \/>\n<meta name=\"twitter:card\" content=\"summary_large_image\" \/>\n<meta name=\"twitter:site\" content=\"@SalesianosVSJB\" \/>\n<meta name=\"twitter:label1\" content=\"Tiempo de lectura\" \/>\n\t<meta name=\"twitter:data1\" content=\"5 minutos\" \/>\n<script type=\"application\/ld+json\" class=\"yoast-schema-graph\">{\"@context\":\"https:\\\/\\\/schema.org\",\"@graph\":[{\"@type\":\"WebPage\",\"@id\":\"https:\\\/\\\/valenciasjb.salesianos.edu\\\/colegio\\\/objetivos-pastoral\\\/\",\"url\":\"https:\\\/\\\/valenciasjb.salesianos.edu\\\/colegio\\\/objetivos-pastoral\\\/\",\"name\":\"objetivos pastoral - Colegio San Juan Bosco Valencia\",\"isPartOf\":{\"@id\":\"https:\\\/\\\/valenciasjb.salesianos.edu\\\/colegio\\\/#website\"},\"datePublished\":\"2017-11-01T20:16:18+00:00\",\"dateModified\":\"2025-09-30T18:48:52+00:00\",\"breadcrumb\":{\"@id\":\"https:\\\/\\\/valenciasjb.salesianos.edu\\\/colegio\\\/objetivos-pastoral\\\/#breadcrumb\"},\"inLanguage\":\"es\",\"potentialAction\":[{\"@type\":\"ReadAction\",\"target\":[\"https:\\\/\\\/valenciasjb.salesianos.edu\\\/colegio\\\/objetivos-pastoral\\\/\"]}]},{\"@type\":\"BreadcrumbList\",\"@id\":\"https:\\\/\\\/valenciasjb.salesianos.edu\\\/colegio\\\/objetivos-pastoral\\\/#breadcrumb\",\"itemListElement\":[{\"@type\":\"ListItem\",\"position\":1,\"name\":\"Portada\",\"item\":\"https:\\\/\\\/valenciasjb.salesianos.edu\\\/colegio\\\/\"},{\"@type\":\"ListItem\",\"position\":2,\"name\":\"objetivos pastoral\"}]},{\"@type\":\"WebSite\",\"@id\":\"https:\\\/\\\/valenciasjb.salesianos.edu\\\/colegio\\\/#website\",\"url\":\"https:\\\/\\\/valenciasjb.salesianos.edu\\\/colegio\\\/\",\"name\":\"Colegio San Juan Bosco Valencia\",\"description\":\"P\u00e1gina oficial del Colegio Salesianos San Juan Bosco Valencia\",\"alternateName\":\"Salesianos.VSJB\",\"potentialAction\":[{\"@type\":\"SearchAction\",\"target\":{\"@type\":\"EntryPoint\",\"urlTemplate\":\"https:\\\/\\\/valenciasjb.salesianos.edu\\\/colegio\\\/?s={search_term_string}\"},\"query-input\":{\"@type\":\"PropertyValueSpecification\",\"valueRequired\":true,\"valueName\":\"search_term_string\"}}],\"inLanguage\":\"es\"}]}<\/script>\n<!-- \/ Yoast SEO plugin. -->","yoast_head_json":{"title":"objetivos pastoral - Colegio San Juan Bosco Valencia","robots":{"index":"index","follow":"follow","max-snippet":"max-snippet:-1","max-image-preview":"max-image-preview:large","max-video-preview":"max-video-preview:-1"},"canonical":"https:\/\/valenciasjb.salesianos.edu\/colegio\/objetivos-pastoral\/","og_locale":"es_ES","og_type":"article","og_title":"objetivos pastoral - Colegio San Juan Bosco Valencia","og_description":"\u201cPROTAGONISTAS DE LA HISTORIA\u201d (Lema del curso 2025-2026) OBJETIVO PASTORALInspirados por la exhortaci\u00f3n Christus Vivit del Papa Francisco, queremos favorecer que los ni\u00f1os, adolescentes, j\u00f3venes y educadores de nuestras Comunidades Educativo-Pastorales puedan descubrir, paso a paso, que sus historias personales tienen un sentido mayor y universal; que hay una historia que comienza en el coraz\u00f3n [&hellip;]","og_url":"https:\/\/valenciasjb.salesianos.edu\/colegio\/objetivos-pastoral\/","og_site_name":"Colegio San Juan Bosco Valencia","article_publisher":"https:\/\/www.facebook.com\/ColegioSalesianoSanJuanBoscoValencia","article_modified_time":"2025-09-30T18:48:52+00:00","twitter_card":"summary_large_image","twitter_site":"@SalesianosVSJB","twitter_misc":{"Tiempo de lectura":"5 minutos"},"schema":{"@context":"https:\/\/schema.org","@graph":[{"@type":"WebPage","@id":"https:\/\/valenciasjb.salesianos.edu\/colegio\/objetivos-pastoral\/","url":"https:\/\/valenciasjb.salesianos.edu\/colegio\/objetivos-pastoral\/","name":"objetivos pastoral - Colegio San Juan Bosco Valencia","isPartOf":{"@id":"https:\/\/valenciasjb.salesianos.edu\/colegio\/#website"},"datePublished":"2017-11-01T20:16:18+00:00","dateModified":"2025-09-30T18:48:52+00:00","breadcrumb":{"@id":"https:\/\/valenciasjb.salesianos.edu\/colegio\/objetivos-pastoral\/#breadcrumb"},"inLanguage":"es","potentialAction":[{"@type":"ReadAction","target":["https:\/\/valenciasjb.salesianos.edu\/colegio\/objetivos-pastoral\/"]}]},{"@type":"BreadcrumbList","@id":"https:\/\/valenciasjb.salesianos.edu\/colegio\/objetivos-pastoral\/#breadcrumb","itemListElement":[{"@type":"ListItem","position":1,"name":"Portada","item":"https:\/\/valenciasjb.salesianos.edu\/colegio\/"},{"@type":"ListItem","position":2,"name":"objetivos pastoral"}]},{"@type":"WebSite","@id":"https:\/\/valenciasjb.salesianos.edu\/colegio\/#website","url":"https:\/\/valenciasjb.salesianos.edu\/colegio\/","name":"Colegio San Juan Bosco Valencia","description":"P\u00e1gina oficial del Colegio Salesianos San Juan Bosco Valencia","alternateName":"Salesianos.VSJB","potentialAction":[{"@type":"SearchAction","target":{"@type":"EntryPoint","urlTemplate":"https:\/\/valenciasjb.salesianos.edu\/colegio\/?s={search_term_string}"},"query-input":{"@type":"PropertyValueSpecification","valueRequired":true,"valueName":"search_term_string"}}],"inLanguage":"es"}]}},"_links":{"self":[{"href":"https:\/\/valenciasjb.salesianos.edu\/colegio\/wp-json\/wp\/v2\/pages\/5720","targetHints":{"allow":["GET"]}}],"collection":[{"href":"https:\/\/valenciasjb.salesianos.edu\/colegio\/wp-json\/wp\/v2\/pages"}],"about":[{"href":"https:\/\/valenciasjb.salesianos.edu\/colegio\/wp-json\/wp\/v2\/types\/page"}],"author":[{"embeddable":true,"href":"https:\/\/valenciasjb.salesianos.edu\/colegio\/wp-json\/wp\/v2\/users\/2"}],"replies":[{"embeddable":true,"href":"https:\/\/valenciasjb.salesianos.edu\/colegio\/wp-json\/wp\/v2\/comments?post=5720"}],"version-history":[{"count":34,"href":"https:\/\/valenciasjb.salesianos.edu\/colegio\/wp-json\/wp\/v2\/pages\/5720\/revisions"}],"predecessor-version":[{"id":23958,"href":"https:\/\/valenciasjb.salesianos.edu\/colegio\/wp-json\/wp\/v2\/pages\/5720\/revisions\/23958"}],"wp:attachment":[{"href":"https:\/\/valenciasjb.salesianos.edu\/colegio\/wp-json\/wp\/v2\/media?parent=5720"}],"curies":[{"name":"wp","href":"https:\/\/api.w.org\/{rel}","templated":true}]}}